Last updated on 2020-03-27 00:49:27 CET.
Flavor | Version | Tinstall | Tcheck | Ttotal | Status | Flags |
---|---|---|---|---|---|---|
r-devel-linux-x86_64-debian-clang | 0.4 | 23.61 | 225.44 | 249.05 | OK | |
r-devel-linux-x86_64-debian-gcc | 0.4 | 22.54 | 168.31 | 190.85 | OK | |
r-devel-linux-x86_64-fedora-clang | 0.4 | 290.80 | OK | |||
r-devel-linux-x86_64-fedora-gcc | 0.4 | 298.35 | OK | |||
r-devel-windows-ix86+x86_64 | 0.4 | 6.00 | 6.00 | 12.00 | ERROR | |
r-devel-windows-ix86+x86_64-gcc8 | 0.4 | 28.00 | 6.00 | 34.00 | ERROR | |
r-patched-linux-x86_64 | 0.4 | 20.16 | 186.36 | 206.52 | OK | |
r-patched-solaris-x86 | 0.4 | 478.70 | OK | |||
r-release-linux-x86_64 | 0.4 | 19.98 | 186.99 | 206.97 | OK | |
r-release-windows-ix86+x86_64 | 0.4 | 71.00 | 265.00 | 336.00 | OK | |
r-release-osx-x86_64 | 0.4 | ERROR | ||||
r-oldrel-windows-ix86+x86_64 | 0.4 | 47.00 | 260.00 | 307.00 | OK | |
r-oldrel-osx-x86_64 | 0.4 | ERROR |
Version: 0.4
Check: whether package can be installed
Result: ERROR
Installation failed.
Flavors: r-devel-windows-ix86+x86_64, r-devel-windows-ix86+x86_64-gcc8
Version: 0.4
Check: package dependencies
Result: ERROR
Package required and available but unsuitable version: ‘reticulate’
See section ‘The DESCRIPTION file’ in the ‘Writing R Extensions’
manual.
Flavors: r-release-osx-x86_64, r-oldrel-osx-x86_64