CRAN Package Check Results for Package mknapsack

Last updated on 2020-03-27 00:49:27 CET.

Flavor Version Tinstall Tcheck Ttotal Status Flags
r-devel-linux-x86_64-debian-clang 0.1.0 2.40 89.01 91.41 OK
r-devel-linux-x86_64-debian-gcc 0.1.0 1.85 58.72 60.57 OK
r-devel-linux-x86_64-fedora-clang 0.1.0 90.09 OK
r-devel-linux-x86_64-fedora-gcc 0.1.0 36.27 OK
r-devel-windows-ix86+x86_64 0.1.0 7.00 36.00 43.00 OK
r-devel-windows-ix86+x86_64-gcc8 0.1.0 6.00 41.00 47.00 OK
r-patched-linux-x86_64 0.1.0 1.99 70.52 72.51 OK
r-patched-solaris-x86 0.1.0 56.40 OK
r-release-linux-x86_64 0.1.0 1.52 71.04 72.56 OK
r-release-windows-ix86+x86_64 0.1.0 9.00 51.00 60.00 OK
r-release-osx-x86_64 0.1.0 OK
r-oldrel-windows-ix86+x86_64 0.1.0 5.00 50.00 55.00 OK
r-oldrel-osx-x86_64 0.1.0 NOTE

Check Details

Version: 0.1.0
Check: package dependencies
Result: NOTE
    Packages suggested but not available for checking:
     ‘Rglpk’ ‘ROI.plugin.glpk’
Flavor: r-oldrel-osx-x86_64