Last updated on 2020-03-27 00:49:27 CET.
Flavor | Version | Tinstall | Tcheck | Ttotal | Status | Flags |
---|---|---|---|---|---|---|
r-devel-linux-x86_64-debian-clang | 1.7.0 | 5.56 | 37.69 | 43.25 | OK | |
r-devel-linux-x86_64-debian-gcc | 1.7.0 | 4.44 | 30.58 | 35.02 | OK | |
r-devel-linux-x86_64-fedora-clang | 1.7.0 | 54.36 | NOTE | |||
r-devel-linux-x86_64-fedora-gcc | 1.7.0 | 50.93 | NOTE | |||
r-devel-windows-ix86+x86_64 | 1.7.0 | 10.00 | 52.00 | 62.00 | OK | |
r-devel-windows-ix86+x86_64-gcc8 | 1.7.0 | 13.00 | 61.00 | 74.00 | OK | |
r-patched-linux-x86_64 | 1.7.0 | 4.61 | 35.27 | 39.88 | OK | |
r-patched-solaris-x86 | 1.7.0 | 80.00 | NOTE | |||
r-release-linux-x86_64 | 1.7.0 | 4.73 | 35.44 | 40.17 | OK | |
r-release-windows-ix86+x86_64 | 1.7.0 | 18.00 | 74.00 | 92.00 | OK | |
r-release-osx-x86_64 | 1.7.0 | NOTE | ||||
r-oldrel-windows-ix86+x86_64 | 1.7.0 | 12.00 | 83.00 | 95.00 | OK | |
r-oldrel-osx-x86_64 | 1.7.0 | NOTE |
Version: 1.7.0
Check: dependencies in R code
Result: NOTE
Namespace in Imports field not imported from: ‘xml2’
All declared Imports should be used.
Flavors: r-devel-linux-x86_64-fedora-clang, r-devel-linux-x86_64-fedora-gcc, r-patched-solaris-x86, r-release-osx-x86_64, r-oldrel-osx-x86_64