CRAN Package Check Results for Package mobsim

Last updated on 2020-03-27 00:49:28 CET.

Flavor Version Tinstall Tcheck Ttotal Status Flags
r-devel-linux-x86_64-debian-clang 0.1.0 29.93 93.68 123.61 OK
r-devel-linux-x86_64-debian-gcc 0.1.0 16.83 71.77 88.60 OK
r-devel-linux-x86_64-fedora-clang 0.1.0 166.16 NOTE
r-devel-linux-x86_64-fedora-gcc 0.1.0 147.70 NOTE
r-devel-windows-ix86+x86_64 0.1.0 50.00 120.00 170.00 OK
r-devel-windows-ix86+x86_64-gcc8 0.1.0 57.00 147.00 204.00 OK
r-patched-linux-x86_64 0.1.0 20.99 85.55 106.54 OK
r-patched-solaris-x86 0.1.0 222.40 NOTE
r-release-linux-x86_64 0.1.0 22.60 85.98 108.58 OK
r-release-windows-ix86+x86_64 0.1.0 72.00 165.00 237.00 OK
r-release-osx-x86_64 0.1.0 NOTE
r-oldrel-windows-ix86+x86_64 0.1.0 60.00 141.00 201.00 OK
r-oldrel-osx-x86_64 0.1.0 NOTE

Check Details

Version: 0.1.0
Check: dependencies in R code
Result: NOTE
    Namespace in Imports field not imported from: ‘sads’
     All declared Imports should be used.
Flavors: r-devel-linux-x86_64-fedora-clang, r-devel-linux-x86_64-fedora-gcc, r-patched-solaris-x86, r-release-osx-x86_64, r-oldrel-osx-x86_64