CRAN Package Check Results for Package mosaicData

Last updated on 2020-03-27 00:49:28 CET.

Flavor Version Tinstall Tcheck Ttotal Status Flags
r-devel-linux-x86_64-debian-clang 0.17.0 3.73 36.37 40.10 OK
r-devel-linux-x86_64-debian-gcc 0.17.0 2.87 27.98 30.85 OK
r-devel-linux-x86_64-fedora-clang 0.17.0 51.78 NOTE
r-devel-linux-x86_64-fedora-gcc 0.17.0 48.84 NOTE
r-devel-windows-ix86+x86_64 0.17.0 6.00 49.00 55.00 OK
r-devel-windows-ix86+x86_64-gcc8 0.17.0 8.00 58.00 66.00 OK
r-patched-linux-x86_64 0.17.0 3.75 32.88 36.63 OK
r-patched-solaris-x86 0.17.0 80.40 NOTE
r-release-linux-x86_64 0.17.0 3.28 33.33 36.61 OK
r-release-windows-ix86+x86_64 0.17.0 21.00 74.00 95.00 OK
r-release-osx-x86_64 0.17.0 NOTE
r-oldrel-windows-ix86+x86_64 0.17.0 9.00 64.00 73.00 OK
r-oldrel-osx-x86_64 0.17.0 NOTE

Check Details

Version: 0.17.0
Check: data for non-ASCII characters
Result: NOTE
     Note: found 7 marked UTF-8 strings
Flavors: r-devel-linux-x86_64-fedora-clang, r-devel-linux-x86_64-fedora-gcc, r-patched-solaris-x86, r-release-osx-x86_64, r-oldrel-osx-x86_64