CRAN Package Check Results for Package mosaicModel

Last updated on 2020-03-27 00:49:28 CET.

Flavor Version Tinstall Tcheck Ttotal Status Flags
r-devel-linux-x86_64-debian-clang 0.3.0 7.32 85.02 92.34 OK
r-devel-linux-x86_64-debian-gcc 0.3.0 6.32 62.45 68.77 OK
r-devel-linux-x86_64-fedora-clang 0.3.0 112.30 NOTE
r-devel-linux-x86_64-fedora-gcc 0.3.0 100.59 NOTE
r-devel-windows-ix86+x86_64 0.3.0 21.00 91.00 112.00 OK
r-devel-windows-ix86+x86_64-gcc8 0.3.0 19.00 107.00 126.00 OK
r-patched-linux-x86_64 0.3.0 6.39 74.92 81.31 OK
r-patched-solaris-x86 0.3.0 150.80 NOTE
r-release-linux-x86_64 0.3.0 6.84 73.23 80.07 OK
r-release-windows-ix86+x86_64 0.3.0 16.00 140.00 156.00 OK
r-release-osx-x86_64 0.3.0 NOTE
r-oldrel-windows-ix86+x86_64 0.3.0 18.00 137.00 155.00 OK
r-oldrel-osx-x86_64 0.3.0 NOTE

Check Details

Version: 0.3.0
Check: dependencies in R code
Result: NOTE
    Namespaces in Imports field not imported from:
     ‘MASS’ ‘caret’ ‘ggformula’ ‘knitr’ ‘testthat’ ‘tidyverse’
     All declared Imports should be used.
Flavors: r-devel-linux-x86_64-fedora-clang, r-devel-linux-x86_64-fedora-gcc, r-patched-solaris-x86, r-release-osx-x86_64, r-oldrel-osx-x86_64