CRAN Package Check Results for Package mosmafs

Last updated on 2020-03-27 00:49:28 CET.

Flavor Version Tinstall Tcheck Ttotal Status Flags
r-devel-linux-x86_64-debian-clang 0.1.1 15.62 745.62 761.24 ERROR
r-devel-linux-x86_64-debian-gcc 0.1.1 13.02 517.53 530.55 ERROR
r-devel-linux-x86_64-fedora-clang 0.1.1 571.60 ERROR
r-devel-linux-x86_64-fedora-gcc 0.1.1 559.68 ERROR
r-devel-windows-ix86+x86_64 0.1.1 33.00 421.00 454.00 ERROR
r-devel-windows-ix86+x86_64-gcc8 0.1.1 34.00 508.00 542.00 OK
r-patched-linux-x86_64 0.1.1 11.89 620.74 632.63 OK
r-patched-solaris-x86 0.1.1 1128.50 ERROR
r-release-linux-x86_64 0.1.1 13.45 626.26 639.71 OK
r-release-windows-ix86+x86_64 0.1.1 38.00 592.00 630.00 OK
r-release-osx-x86_64 0.1.1 OK
r-oldrel-windows-ix86+x86_64 0.1.1 34.00 587.00 621.00 OK
r-oldrel-osx-x86_64 0.1.1 OK

Check Details

Version: 0.1.1
Check: tests
Result: ERROR
     Running 'testthat.R' [109s/128s]
    Running the tests in 'tests/testthat.R' failed.
    Complete output:
     >
     > library("checkmate")
     > library("testthat")
     > library("ParamHelpers")
     > library("mlr")
     'mlr' is in maintenance mode since July 2019. Future development
     efforts will go into its successor 'mlr3' (<https://mlr3.mlr-org.com>).
     > library("mlrCPO")
     >
     > test_check("mosmafs")
     Loading required package: mosmafs
     Loading required package: ecr
     Loading required package: BBmisc
    
     Attaching package: 'BBmisc'
    
     The following object is masked from 'package:base':
    
     isFALSE
    
     Loading required package: smoof
    
     Attaching package: 'ecr'
    
     The following object is masked from 'package:testthat':
    
     setup
    
    
     Attaching package: 'mosmafs'
    
     The following objects are masked from 'package:ecr':
    
     getPopulations, getStatistics
    
     -- 1. Failure: multiFidelity with 2 columns (@test_customnsga2.R#232) ---------
     `slickEcr(...)` threw an error with unexpected message.
     Expected match: "Must be of type 'numeric', not 'factor'"
     Actual message: "Assertion on 'fidelity[[2]]' failed: Must be of type 'numeric', not 'character'."
     Backtrace:
     1. testthat::expect_error(...)
     6. mosmafs::slickEcr(...)
     7. mosmafs::initEcr(...)
     8. mosmafs:::checkFidelity(fidelity)
     9. checkmate::assertNumeric(fidelity[[2]], any.missing = FALSE)
     10. checkmate::makeAssertion(x, res, .var.name, add)
     11. checkmate:::mstop(...)
    
     == testthat results ===========================================================
     [ OK: 458 | SKIPPED: 0 | WARNINGS: 1 | FAILED: 1 ]
     1. Failure: multiFidelity with 2 columns (@test_customnsga2.R#232)
    
     Error: testthat unit tests failed
     Execution halted
Flavor: r-devel-linux-x86_64-debian-clang

Version: 0.1.1
Check: tests
Result: ERROR
     Running ‘testthat.R’ [72s/103s]
    Running the tests in ‘tests/testthat.R’ failed.
    Complete output:
     >
     > library("checkmate")
     > library("testthat")
     > library("ParamHelpers")
     > library("mlr")
     'mlr' is in maintenance mode since July 2019. Future development
     efforts will go into its successor 'mlr3' (<https://mlr3.mlr-org.com>).
     > library("mlrCPO")
     >
     > test_check("mosmafs")
     Loading required package: mosmafs
     Loading required package: ecr
     Loading required package: BBmisc
    
     Attaching package: 'BBmisc'
    
     The following object is masked from 'package:base':
    
     isFALSE
    
     Loading required package: smoof
    
     Attaching package: 'ecr'
    
     The following object is masked from 'package:testthat':
    
     setup
    
    
     Attaching package: 'mosmafs'
    
     The following objects are masked from 'package:ecr':
    
     getPopulations, getStatistics
    
     ── 1. Failure: multiFidelity with 2 columns (@test_customnsga2.R#232) ─────────
     `slickEcr(...)` threw an error with unexpected message.
     Expected match: "Must be of type 'numeric', not 'factor'"
     Actual message: "Assertion on 'fidelity[[2]]' failed: Must be of type 'numeric', not 'character'."
     Backtrace:
     1. testthat::expect_error(...)
     6. mosmafs::slickEcr(...)
     7. mosmafs::initEcr(...)
     8. mosmafs:::checkFidelity(fidelity)
     9. checkmate::assertNumeric(fidelity[[2]], any.missing = FALSE)
     10. checkmate::makeAssertion(x, res, .var.name, add)
     11. checkmate:::mstop(...)
    
     ══ testthat results ═══════════════════════════════════════════════════════════
     [ OK: 458 | SKIPPED: 0 | WARNINGS: 1 | FAILED: 1 ]
     1. Failure: multiFidelity with 2 columns (@test_customnsga2.R#232)
    
     Error: testthat unit tests failed
     Execution halted
Flavor: r-devel-linux-x86_64-debian-gcc

Version: 0.1.1
Check: tests
Result: ERROR
     Running ‘testthat.R’ [93s/93s]
    Running the tests in ‘tests/testthat.R’ failed.
    Complete output:
     >
     > library("checkmate")
     > library("testthat")
     > library("ParamHelpers")
     > library("mlr")
     'mlr' is in maintenance mode since July 2019. Future development
     efforts will go into its successor 'mlr3' (<https://mlr3.mlr-org.com>).
     > library("mlrCPO")
     >
     > test_check("mosmafs")
     Loading required package: mosmafs
     Loading required package: ecr
     Loading required package: BBmisc
    
     Attaching package: 'BBmisc'
    
     The following object is masked from 'package:base':
    
     isFALSE
    
     Loading required package: smoof
    
     Attaching package: 'ecr'
    
     The following object is masked from 'package:testthat':
    
     setup
    
    
     Attaching package: 'mosmafs'
    
     The following objects are masked from 'package:ecr':
    
     getPopulations, getStatistics
    
     ── 1. Failure: multiFidelity with 2 columns (@test_customnsga2.R#232) ─────────
     `slickEcr(...)` threw an error with unexpected message.
     Expected match: "Must be of type 'numeric', not 'factor'"
     Actual message: "Assertion on 'fidelity[[2]]' failed: Must be of type 'numeric', not 'character'."
     Backtrace:
     1. testthat::expect_error(...)
     6. mosmafs::slickEcr(...)
     7. mosmafs::initEcr(...)
     8. mosmafs:::checkFidelity(fidelity)
     9. checkmate::assertNumeric(fidelity[[2]], any.missing = FALSE)
     10. checkmate::makeAssertion(x, res, .var.name, add)
     11. checkmate:::mstop(...)
    
     OMP: Warning #96: Cannot form a team with 24 threads, using 2 instead.
     OMP: Hint Consider unsetting KMP_DEVICE_THREAD_LIMIT (KMP_ALL_THREADS), KMP_TEAMS_THREAD_LIMIT, and OMP_THREAD_LIMIT (if any are set).
     ══ testthat results ═══════════════════════════════════════════════════════════
     [ OK: 458 | SKIPPED: 0 | WARNINGS: 1 | FAILED: 1 ]
     1. Failure: multiFidelity with 2 columns (@test_customnsga2.R#232)
    
     Error: testthat unit tests failed
     Execution halted
Flavor: r-devel-linux-x86_64-fedora-clang

Version: 0.1.1
Check: tests
Result: ERROR
     Running ‘testthat.R’ [95s/99s]
    Running the tests in ‘tests/testthat.R’ failed.
    Complete output:
     >
     > library("checkmate")
     > library("testthat")
     > library("ParamHelpers")
     > library("mlr")
     'mlr' is in maintenance mode since July 2019. Future development
     efforts will go into its successor 'mlr3' (<https://mlr3.mlr-org.com>).
     > library("mlrCPO")
     >
     > test_check("mosmafs")
     Loading required package: mosmafs
     Loading required package: ecr
     Loading required package: BBmisc
    
     Attaching package: 'BBmisc'
    
     The following object is masked from 'package:base':
    
     isFALSE
    
     Loading required package: smoof
    
     Attaching package: 'ecr'
    
     The following object is masked from 'package:testthat':
    
     setup
    
    
     Attaching package: 'mosmafs'
    
     The following objects are masked from 'package:ecr':
    
     getPopulations, getStatistics
    
     ── 1. Failure: multiFidelity with 2 columns (@test_customnsga2.R#232) ─────────
     `slickEcr(...)` threw an error with unexpected message.
     Expected match: "Must be of type 'numeric', not 'factor'"
     Actual message: "Assertion on 'fidelity[[2]]' failed: Must be of type 'numeric', not 'character'."
     Backtrace:
     1. testthat::expect_error(...)
     6. mosmafs::slickEcr(...)
     7. mosmafs::initEcr(...)
     8. mosmafs:::checkFidelity(fidelity)
     9. checkmate::assertNumeric(fidelity[[2]], any.missing = FALSE)
     10. checkmate::makeAssertion(x, res, .var.name, add)
     11. checkmate:::mstop(...)
    
     ══ testthat results ═══════════════════════════════════════════════════════════
     [ OK: 458 | SKIPPED: 0 | WARNINGS: 1 | FAILED: 1 ]
     1. Failure: multiFidelity with 2 columns (@test_customnsga2.R#232)
    
     Error: testthat unit tests failed
     Execution halted
Flavor: r-devel-linux-x86_64-fedora-gcc

Version: 0.1.1
Check: tests
Result: ERROR
     Running 'testthat.R' [74s]
    Running the tests in 'tests/testthat.R' failed.
    Complete output:
     >
     > library("checkmate")
     > library("testthat")
     > library("ParamHelpers")
     > library("mlr")
     'mlr' is in maintenance mode since July 2019. Future development
     efforts will go into its successor 'mlr3' (<https://mlr3.mlr-org.com>).
     > library("mlrCPO")
     >
     > test_check("mosmafs")
     Loading required package: mosmafs
     Loading required package: ecr
     Loading required package: BBmisc
    
     Attaching package: 'BBmisc'
    
     The following object is masked from 'package:base':
    
     isFALSE
    
     Loading required package: smoof
    
     Attaching package: 'ecr'
    
     The following object is masked from 'package:testthat':
    
     setup
    
    
     Attaching package: 'mosmafs'
    
     The following objects are masked from 'package:ecr':
    
     getPopulations, getStatistics
    
     -- 1. Failure: multiFidelity with 2 columns (@test_customnsga2.R#232) ---------
     `slickEcr(...)` threw an error with unexpected message.
     Expected match: "Must be of type 'numeric', not 'factor'"
     Actual message: "Assertion on 'fidelity[[2]]' failed: Must be of type 'numeric', not 'character'."
     Backtrace:
     1. testthat::expect_error(...)
     6. mosmafs::slickEcr(...)
     7. mosmafs::initEcr(...)
     8. mosmafs:::checkFidelity(fidelity)
     9. checkmate::assertNumeric(fidelity[[2]], any.missing = FALSE)
     10. checkmate::makeAssertion(x, res, .var.name, add)
     11. checkmate:::mstop(...)
    
     == testthat results ===========================================================
     [ OK: 458 | SKIPPED: 0 | WARNINGS: 1 | FAILED: 1 ]
     1. Failure: multiFidelity with 2 columns (@test_customnsga2.R#232)
    
     Error: testthat unit tests failed
     Execution halted
Flavor: r-devel-windows-ix86+x86_64

Version: 0.1.1
Check: tests
Result: ERROR
     Running ‘testthat.R’ [163s/187s]
    Running the tests in ‘tests/testthat.R’ failed.
    Complete output:
     >
     > library("checkmate")
     > library("testthat")
     > library("ParamHelpers")
     > library("mlr")
     'mlr' is in maintenance mode since July 2019. Future development
     efforts will go into its successor 'mlr3' (<https://mlr3.mlr-org.com>).
     > library("mlrCPO")
     >
     > test_check("mosmafs")
     Loading required package: mosmafs
     Loading required package: ecr
     Loading required package: BBmisc
    
     Attaching package: 'BBmisc'
    
     The following object is masked from 'package:base':
    
     isFALSE
    
     Loading required package: smoof
    
     Attaching package: 'ecr'
    
     The following object is masked from 'package:testthat':
    
     setup
    
    
     Attaching package: 'mosmafs'
    
     The following objects are masked from 'package:ecr':
    
     getPopulations, getStatistics
    
     ── 1. Failure: multiFidelity with 2 columns (@test_customnsga2.R#232) ─────────
     `slickEcr(...)` threw an error with unexpected message.
     Expected match: "Must be of type 'numeric', not 'factor'"
     Actual message: "Assertion on 'fidelity[[2]]' failed: Must be of type 'numeric', not 'character'."
     Backtrace:
     1. testthat::expect_error(...)
     6. mosmafs::slickEcr(...)
     7. mosmafs::initEcr(...)
     8. mosmafs:::checkFidelity(fidelity)
     9. checkmate::assertNumeric(fidelity[[2]], any.missing = FALSE)
     10. checkmate::makeAssertion(x, res, .var.name, add)
     11. checkmate:::mstop(...)
    
     ══ testthat results ═══════════════════════════════════════════════════════════
     [ OK: 458 | SKIPPED: 0 | WARNINGS: 1 | FAILED: 1 ]
     1. Failure: multiFidelity with 2 columns (@test_customnsga2.R#232)
    
     Error: testthat unit tests failed
     Execution halted
Flavor: r-patched-solaris-x86