Last updated on 2020-03-27 00:49:28 CET.
Flavor | Version | Tinstall | Tcheck | Ttotal | Status | Flags |
---|---|---|---|---|---|---|
r-devel-linux-x86_64-debian-clang | 1.2.1 | 28.62 | 83.35 | 111.97 | OK | |
r-devel-linux-x86_64-debian-gcc | 1.2.1 | 18.89 | 60.21 | 79.10 | WARN | |
r-devel-linux-x86_64-fedora-clang | 1.2.1 | 146.66 | OK | |||
r-devel-linux-x86_64-fedora-gcc | 1.2.1 | 135.36 | OK | |||
r-devel-windows-ix86+x86_64 | 1.2.1 | 50.00 | 137.00 | 187.00 | OK | |
r-devel-windows-ix86+x86_64-gcc8 | 1.2.1 | 58.00 | 150.00 | 208.00 | OK | |
r-patched-linux-x86_64 | 1.2.1 | 23.24 | 73.99 | 97.23 | OK | |
r-patched-solaris-x86 | 1.2.1 | 159.00 | OK | |||
r-release-linux-x86_64 | 1.2.1 | 23.73 | 74.53 | 98.26 | WARN | |
r-release-windows-ix86+x86_64 | 1.2.1 | 75.00 | 184.00 | 259.00 | OK | |
r-release-osx-x86_64 | 1.2.1 | OK | ||||
r-oldrel-windows-ix86+x86_64 | 1.2.1 | 64.00 | 177.00 | 241.00 | OK | |
r-oldrel-osx-x86_64 | 1.2.1 | OK |
Version: 1.2.1
Check: sizes of PDF files under ‘inst/doc’
Result: WARN
‘gs+qpdf’ made some significant size reductions:
compacted ‘mrbsizeR.pdf’ from 958Kb to 691Kb
consider running tools::compactPDF(gs_quality = "ebook") on these files
Flavors: r-devel-linux-x86_64-debian-gcc, r-release-linux-x86_64