Last updated on 2020-03-27 00:49:28 CET.
Flavor | Version | Tinstall | Tcheck | Ttotal | Status | Flags |
---|---|---|---|---|---|---|
r-devel-linux-x86_64-debian-clang | 0.1-12 | 15.45 | 113.52 | 128.97 | OK | |
r-devel-linux-x86_64-debian-gcc | 0.1-12 | 12.05 | 89.25 | 101.30 | OK | |
r-devel-linux-x86_64-fedora-clang | 0.1-12 | 162.53 | OK | |||
r-devel-linux-x86_64-fedora-gcc | 0.1-12 | 148.70 | OK | |||
r-devel-windows-ix86+x86_64 | 0.1-12 | 22.00 | 117.00 | 139.00 | WARN | |
r-devel-windows-ix86+x86_64-gcc8 | 0.1-12 | 25.00 | 144.00 | 169.00 | OK | |
r-patched-linux-x86_64 | 0.1-12 | 12.09 | 101.53 | 113.62 | OK | |
r-patched-solaris-x86 | 0.1-12 | 218.40 | OK | |||
r-release-linux-x86_64 | 0.1-12 | 10.99 | 100.35 | 111.34 | OK | |
r-release-windows-ix86+x86_64 | 0.1-12 | 34.00 | 199.00 | 233.00 | OK | |
r-release-osx-x86_64 | 0.1-12 | OK | ||||
r-oldrel-windows-ix86+x86_64 | 0.1-12 | 23.00 | 152.00 | 175.00 | OK | |
r-oldrel-osx-x86_64 | 0.1-12 | OK |
Version: 0.1-12
Check: whether package can be installed
Result: WARN
Found the following significant warnings:
Warning: multiple methods tables found for 'plot'
Flavor: r-devel-windows-ix86+x86_64