Last updated on 2020-03-27 00:49:28 CET.
Flavor | Version | Tinstall | Tcheck | Ttotal | Status | Flags |
---|---|---|---|---|---|---|
r-devel-linux-x86_64-debian-clang | 0.9.2 | 31.69 | 230.09 | 261.78 | OK | |
r-devel-linux-x86_64-debian-gcc | 0.9.2 | 22.03 | 183.63 | 205.66 | OK | |
r-devel-linux-x86_64-fedora-clang | 0.9.2 | 313.89 | NOTE | |||
r-devel-linux-x86_64-fedora-gcc | 0.9.2 | 315.35 | OK | |||
r-devel-windows-ix86+x86_64 | 0.9.2 | 48.00 | 398.00 | 446.00 | NOTE | |
r-devel-windows-ix86+x86_64-gcc8 | 0.9.2 | 70.00 | 451.00 | 521.00 | NOTE | |
r-patched-linux-x86_64 | 0.9.2 | 24.40 | 221.52 | 245.92 | OK | |
r-patched-solaris-x86 | 0.9.2 | 496.80 | NOTE | |||
r-release-linux-x86_64 | 0.9.2 | 25.56 | 219.42 | 244.98 | OK | |
r-release-windows-ix86+x86_64 | 0.9.2 | 87.00 | 542.00 | 629.00 | NOTE | |
r-release-osx-x86_64 | 0.9.2 | NOTE | ||||
r-oldrel-windows-ix86+x86_64 | 0.9.2 | 72.00 | 506.00 | 578.00 | NOTE | |
r-oldrel-osx-x86_64 | 0.9.2 | NOTE |
Version: 0.9.2
Check: installed package size
Result: NOTE
installed size is 5.9Mb
sub-directories of 1Mb or more:
data 2.0Mb
doc 2.5Mb
Flavors: r-devel-linux-x86_64-fedora-clang, r-devel-windows-ix86+x86_64, r-devel-windows-ix86+x86_64-gcc8, r-patched-solaris-x86, r-release-windows-ix86+x86_64, r-release-osx-x86_64, r-oldrel-windows-ix86+x86_64, r-oldrel-osx-x86_64