CRAN Package Check Results for Package nVennR

Last updated on 2020-03-27 00:49:29 CET.

Flavor Version Tinstall Tcheck Ttotal Status Flags
r-devel-linux-x86_64-debian-clang 0.2.1 26.04 312.47 338.51 OK
r-devel-linux-x86_64-debian-gcc 0.2.1 18.95 243.01 261.96 OK
r-devel-linux-x86_64-fedora-clang 0.2.1 406.95 NOTE
r-devel-linux-x86_64-fedora-gcc 0.2.1 403.09 OK
r-devel-windows-ix86+x86_64 0.2.1 44.00 154.00 198.00 OK
r-devel-windows-ix86+x86_64-gcc8 0.2.1 54.00 174.00 228.00 NOTE
r-patched-linux-x86_64 0.2.1 21.16 303.00 324.16 OK
r-patched-solaris-x86 0.2.1 239.10 NOTE
r-release-linux-x86_64 0.2.1 21.18 303.47 324.65 OK
r-release-windows-ix86+x86_64 0.2.1 71.00 223.00 294.00 OK
r-release-osx-x86_64 0.2.1 NOTE
r-oldrel-windows-ix86+x86_64 0.2.1 51.00 212.00 263.00 OK
r-oldrel-osx-x86_64 0.2.1 NOTE

Check Details

Version: 0.2.1
Check: installed package size
Result: NOTE
     installed size is 5.8Mb
     sub-directories of 1Mb or more:
     doc 3.2Mb
     libs 2.4Mb
Flavors: r-devel-linux-x86_64-fedora-clang, r-devel-windows-ix86+x86_64-gcc8, r-release-osx-x86_64, r-oldrel-osx-x86_64

Version: 0.2.1
Check: package dependencies
Result: NOTE
    Package suggested but not available for checking: ‘rsvg’
Flavors: r-patched-solaris-x86, r-oldrel-osx-x86_64