Last updated on 2020-03-27 00:49:29 CET.
Flavor | Version | Tinstall | Tcheck | Ttotal | Status | Flags |
---|---|---|---|---|---|---|
r-devel-linux-x86_64-debian-clang | 1.1-0 | 15.30 | 119.11 | 134.41 | OK | |
r-devel-linux-x86_64-debian-gcc | 1.1-0 | 13.91 | 91.32 | 105.23 | OK | |
r-devel-linux-x86_64-fedora-clang | 1.1-0 | 171.03 | NOTE | |||
r-devel-linux-x86_64-fedora-gcc | 1.1-0 | 156.49 | NOTE | |||
r-devel-windows-ix86+x86_64 | 1.1-0 | 44.00 | 111.00 | 155.00 | OK | |
r-devel-windows-ix86+x86_64-gcc8 | 1.1-0 | 38.00 | 125.00 | 163.00 | OK | |
r-patched-linux-x86_64 | 1.1-0 | 14.10 | 103.61 | 117.71 | OK | |
r-patched-solaris-x86 | 1.1-0 | 283.80 | NOTE | |||
r-release-linux-x86_64 | 1.1-0 | 11.99 | 104.41 | 116.40 | OK | |
r-release-windows-ix86+x86_64 | 1.1-0 | 54.00 | 151.00 | 205.00 | OK | |
r-release-osx-x86_64 | 1.1-0 | NOTE | ||||
r-oldrel-windows-ix86+x86_64 | 1.1-0 | 41.00 | 149.00 | 190.00 | OK | |
r-oldrel-osx-x86_64 | 1.1-0 | NOTE |
Version: 1.1-0
Check: dependencies in R code
Result: NOTE
Namespace in Imports field not imported from: ‘rts’
All declared Imports should be used.
Flavors: r-devel-linux-x86_64-fedora-clang, r-devel-linux-x86_64-fedora-gcc, r-patched-solaris-x86, r-release-osx-x86_64, r-oldrel-osx-x86_64