Last updated on 2020-03-27 00:49:29 CET.
Flavor | Version | Tinstall | Tcheck | Ttotal | Status | Flags |
---|---|---|---|---|---|---|
r-devel-linux-x86_64-debian-clang | 0.4.0 | 10.59 | 59.65 | 70.24 | OK | |
r-devel-linux-x86_64-debian-gcc | 0.4.0 | 10.16 | 46.91 | 57.07 | OK | |
r-devel-linux-x86_64-fedora-clang | 0.4.0 | 88.34 | NOTE | |||
r-devel-linux-x86_64-fedora-gcc | 0.4.0 | 86.64 | NOTE | |||
r-devel-windows-ix86+x86_64 | 0.4.0 | 19.00 | 62.00 | 81.00 | OK | |
r-devel-windows-ix86+x86_64-gcc8 | 0.4.0 | 20.00 | 70.00 | 90.00 | OK | |
r-patched-linux-x86_64 | 0.4.0 | 10.27 | 56.04 | 66.31 | OK | |
r-patched-solaris-x86 | 0.4.0 | 145.20 | NOTE | |||
r-release-linux-x86_64 | 0.4.0 | 10.03 | 56.08 | 66.11 | OK | |
r-release-windows-ix86+x86_64 | 0.4.0 | 23.00 | 97.00 | 120.00 | OK | |
r-release-osx-x86_64 | 0.4.0 | NOTE | ||||
r-oldrel-windows-ix86+x86_64 | 0.4.0 | 20.00 | 105.00 | 125.00 | OK | |
r-oldrel-osx-x86_64 | 0.4.0 | NOTE |
Version: 0.4.0
Check: data for non-ASCII characters
Result: NOTE
Note: found 6409 marked UTF-8 strings
Flavors: r-devel-linux-x86_64-fedora-clang, r-devel-linux-x86_64-fedora-gcc, r-patched-solaris-x86, r-release-osx-x86_64, r-oldrel-osx-x86_64