Last updated on 2020-03-27 00:49:29 CET.
Flavor | Version | Tinstall | Tcheck | Ttotal | Status | Flags |
---|---|---|---|---|---|---|
r-devel-linux-x86_64-debian-clang | 0.3.8 | 20.91 | 91.28 | 112.19 | OK | |
r-devel-linux-x86_64-debian-gcc | 0.3.8 | 15.62 | 68.57 | 84.19 | OK | |
r-devel-linux-x86_64-fedora-clang | 0.3.8 | 135.17 | OK | |||
r-devel-linux-x86_64-fedora-gcc | 0.3.8 | 126.53 | OK | |||
r-devel-windows-ix86+x86_64 | 0.3.8 | 25.00 | 119.00 | 144.00 | OK | |
r-devel-windows-ix86+x86_64-gcc8 | 0.3.7 | 32.00 | 135.00 | 167.00 | OK | |
r-patched-linux-x86_64 | 0.3.8 | 15.15 | 79.83 | 94.98 | OK | |
r-patched-solaris-x86 | 0.3.8 | 168.30 | NOTE | |||
r-release-linux-x86_64 | 0.3.8 | 14.79 | 80.25 | 95.04 | OK | |
r-release-windows-ix86+x86_64 | 0.3.8 | 37.00 | 164.00 | 201.00 | OK | |
r-release-osx-x86_64 | 0.3.8 | OK | ||||
r-oldrel-windows-ix86+x86_64 | 0.3.8 | 32.00 | 212.00 | 244.00 | OK | |
r-oldrel-osx-x86_64 | 0.3.8 | OK |
Version: 0.3.8
Check: package dependencies
Result: NOTE
Package suggested but not available for checking: ‘rsvg’
Flavor: r-patched-solaris-x86