CRAN Package Check Results for Package optbdmaeAT

Last updated on 2020-03-27 00:49:29 CET.

Flavor Version Tinstall Tcheck Ttotal Status Flags
r-devel-linux-x86_64-debian-clang 1.0.1 11.21 69.18 80.39 NOTE
r-devel-linux-x86_64-debian-gcc 1.0.1 8.49 54.30 62.79 NOTE
r-devel-linux-x86_64-fedora-clang 1.0.1 101.82 NOTE
r-devel-linux-x86_64-fedora-gcc 1.0.1 95.20 NOTE
r-devel-windows-ix86+x86_64 1.0.1 19.00 72.00 91.00 OK
r-devel-windows-ix86+x86_64-gcc8 1.0.1 16.00 78.00 94.00 OK
r-patched-linux-x86_64 1.0.1 9.24 61.82 71.06 OK
r-patched-solaris-x86 1.0.1 151.30 NOTE
r-release-linux-x86_64 1.0.1 8.72 61.58 70.30 OK
r-release-windows-ix86+x86_64 1.0.1 22.00 108.00 130.00 OK
r-release-osx-x86_64 1.0.1 FAIL
r-oldrel-windows-ix86+x86_64 1.0.1 14.00 104.00 118.00 OK
r-oldrel-osx-x86_64 1.0.1 OK

Check Details

Version: 1.0.1
Check: for non-standard things in the check directory
Result: NOTE
    Found the following files/directories:
     'Graph_layout_Doptbd_trtE'
Flavors: r-devel-linux-x86_64-debian-clang, r-devel-linux-x86_64-debian-gcc, r-devel-linux-x86_64-fedora-clang, r-devel-linux-x86_64-fedora-gcc, r-patched-solaris-x86

Version: 1.0.1
Check: whether package can be installed
Result: FAIL
Flavor: r-release-osx-x86_64