CRAN Package Check Results for Package optparse

Last updated on 2020-03-27 00:49:29 CET.

Flavor Version Tinstall Tcheck Ttotal Status Flags
r-devel-linux-x86_64-debian-clang 1.6.4 2.54 30.98 33.52 OK
r-devel-linux-x86_64-debian-gcc 1.6.4 1.86 24.79 26.65 OK
r-devel-linux-x86_64-fedora-clang 1.6.4 43.19 OK
r-devel-linux-x86_64-fedora-gcc 1.6.4 40.00 OK
r-devel-windows-ix86+x86_64 1.6.4 5.00 52.00 57.00 OK --no-vignettes
r-devel-windows-ix86+x86_64-gcc8 1.6.4 7.00 41.00 48.00 OK --no-vignettes
r-patched-linux-x86_64 1.6.4 1.94 28.20 30.14 OK
r-patched-solaris-x86 1.6.4 56.50 OK --no-vignettes
r-release-linux-x86_64 1.6.4 1.83 28.19 30.02 OK
r-release-windows-ix86+x86_64 1.6.4 8.00 41.00 49.00 OK --no-vignettes
r-release-osx-x86_64 1.6.4 WARN
r-oldrel-windows-ix86+x86_64 1.6.4 4.00 53.00 57.00 OK --no-vignettes
r-oldrel-osx-x86_64 1.6.4 WARN

Check Details

Version: 1.6.4
Check: re-building of vignette outputs
Result: WARN
    Error(s) in re-building vignettes:
     ...
    --- re-building ‘optparse.Rrst’ using knitr
    sh: +RTS: command not found
    Warning in system(command) : error in running command
    Error: processing vignette 'optparse.Rrst' failed with diagnostics:
    pandoc document conversion failed with error 127
    --- failed re-building ‘optparse.Rrst’
    
    SUMMARY: processing the following file failed:
     ‘optparse.Rrst’
    
    Error: Vignette re-building failed.
    Execution halted
Flavor: r-release-osx-x86_64

Version: 1.6.4
Check: re-building of vignette outputs
Result: WARN
    Error in re-building vignettes:
     ...
    sh: +RTS: command not found
    Warning in system(command) : error in running command
    Error: processing vignette 'optparse.Rrst' failed with diagnostics:
    pandoc document conversion failed with error 127
    Execution halted
Flavor: r-oldrel-osx-x86_64