CRAN Package Check Results for Package orientlib

Last updated on 2020-03-27 00:49:29 CET.

Flavor Version Tinstall Tcheck Ttotal Status Flags
r-devel-linux-x86_64-debian-clang 0.10.3 4.90 29.39 34.29 NOTE
r-devel-linux-x86_64-debian-gcc 0.10.3 4.58 22.99 27.57 NOTE
r-devel-linux-x86_64-fedora-clang 0.10.3 43.72 NOTE
r-devel-linux-x86_64-fedora-gcc 0.10.3 40.98 NOTE
r-devel-windows-ix86+x86_64 0.10.3 11.00 42.00 53.00 NOTE
r-devel-windows-ix86+x86_64-gcc8 0.10.3 9.00 47.00 56.00 NOTE
r-patched-linux-x86_64 0.10.3 4.27 26.55 30.82 NOTE
r-patched-solaris-x86 0.10.3 62.00 NOTE
r-release-linux-x86_64 0.10.3 3.98 26.73 30.71 NOTE
r-release-windows-ix86+x86_64 0.10.3 14.00 61.00 75.00 NOTE
r-release-osx-x86_64 0.10.3 NOTE
r-oldrel-windows-ix86+x86_64 0.10.3 9.00 63.00 72.00 NOTE
r-oldrel-osx-x86_64 0.10.3 NOTE

Check Details

Version: 0.10.3
Check: R code for possible problems
Result: NOTE
    boat3d: no visible global function definition for 'rgl.cur'
    boat3d: no visible global function definition for 'open3d'
    boat3d: no visible global function definition for 'clear3d'
    boat3d: no visible global function definition for 'bg3d'
    boat3d: no visible global function definition for 'rgl.set'
    boat3d: no visible global function definition for 'triangles3d'
    boat3d: no visible global function definition for 'quads3d'
    boat3d: no visible global function definition for 'decorate3d'
    boat3d: no visible global function definition for 'scatterplot3d'
    orientlm: no visible global function definition for 'model.matrix'
    orientlm: no visible global function definition for 'lm'
    Undefined global functions or variables:
     bg3d clear3d decorate3d lm model.matrix open3d quads3d rgl.cur
     rgl.set scatterplot3d triangles3d
    Consider adding
     importFrom("stats", "lm", "model.matrix")
    to your NAMESPACE file.
Flavors: r-devel-linux-x86_64-debian-clang, r-devel-linux-x86_64-debian-gcc, r-devel-linux-x86_64-fedora-clang, r-devel-linux-x86_64-fedora-gcc, r-devel-windows-ix86+x86_64, r-devel-windows-ix86+x86_64-gcc8, r-patched-linux-x86_64, r-patched-solaris-x86, r-release-linux-x86_64, r-release-windows-ix86+x86_64, r-release-osx-x86_64, r-oldrel-windows-ix86+x86_64, r-oldrel-osx-x86_64