CRAN Package Check Results for Package orloca

Last updated on 2020-03-27 00:49:29 CET.

Flavor Version Tinstall Tcheck Ttotal Status Flags
r-devel-linux-x86_64-debian-clang 4.9 4.37 38.46 42.83 OK
r-devel-linux-x86_64-debian-gcc 4.9 3.53 29.61 33.14 OK
r-devel-linux-x86_64-fedora-clang 4.9 54.87 NOTE
r-devel-linux-x86_64-fedora-gcc 4.9 50.81 NOTE
r-devel-windows-ix86+x86_64 4.9 11.00 53.00 64.00 OK
r-devel-windows-ix86+x86_64-gcc8 4.9 8.00 55.00 63.00 OK
r-patched-linux-x86_64 4.9 4.17 34.11 38.28 OK
r-patched-solaris-x86 4.9 78.00 NOTE
r-release-linux-x86_64 4.9 3.78 34.52 38.30 OK
r-release-windows-ix86+x86_64 4.9 12.00 73.00 85.00 OK
r-release-osx-x86_64 4.9 NOTE
r-oldrel-windows-ix86+x86_64 4.9 9.00 79.00 88.00 OK
r-oldrel-osx-x86_64 4.9 NOTE

Check Details

Version: 4.9
Check: dependencies in R code
Result: NOTE
    Namespaces in Imports field not imported from:
     ‘knitr’ ‘rmarkdown’
     All declared Imports should be used.
Flavors: r-devel-linux-x86_64-fedora-clang, r-devel-linux-x86_64-fedora-gcc, r-patched-solaris-x86, r-release-osx-x86_64, r-oldrel-osx-x86_64