CRAN Package Check Results for Package otvPlots

Last updated on 2020-03-27 00:49:29 CET.

Flavor Version Tinstall Tcheck Ttotal Status Flags
r-devel-linux-x86_64-debian-clang 0.2.1 12.93 144.46 157.39 OK
r-devel-linux-x86_64-debian-gcc 0.2.1 10.14 113.47 123.61 OK
r-devel-linux-x86_64-fedora-clang 0.2.1 178.99 NOTE
r-devel-linux-x86_64-fedora-gcc 0.2.1 159.45 NOTE
r-devel-windows-ix86+x86_64 0.2.1 30.00 127.00 157.00 OK
r-devel-windows-ix86+x86_64-gcc8 0.2.1 28.00 166.00 194.00 OK
r-patched-linux-x86_64 0.2.1 10.71 124.70 135.41 OK
r-patched-solaris-x86 0.2.1 251.50 NOTE
r-release-linux-x86_64 0.2.1 10.78 122.35 133.13 OK
r-release-windows-ix86+x86_64 0.2.1 24.00 178.00 202.00 OK
r-release-osx-x86_64 0.2.1 NOTE
r-oldrel-windows-ix86+x86_64 0.2.1 26.00 179.00 205.00 OK
r-oldrel-osx-x86_64 0.2.1 NOTE

Check Details

Version: 0.2.1
Check: dependencies in R code
Result: NOTE
    Namespace in Imports field not imported from: ‘quantreg’
     All declared Imports should be used.
Flavors: r-devel-linux-x86_64-fedora-clang, r-devel-linux-x86_64-fedora-gcc, r-patched-solaris-x86, r-release-osx-x86_64, r-oldrel-osx-x86_64