CRAN Package Check Results for Package ouch

Last updated on 2020-03-27 00:49:29 CET.

Flavor Version Tinstall Tcheck Ttotal Status Flags
r-devel-linux-x86_64-debian-clang 2.14-1 6.37 64.11 70.48 OK
r-devel-linux-x86_64-debian-gcc 2.14-1 5.01 49.15 54.16 OK
r-devel-linux-x86_64-fedora-clang 2.14-1 86.28 OK
r-devel-linux-x86_64-fedora-gcc 2.14-1 80.40 OK
r-devel-windows-ix86+x86_64 2.14-1 18.00 104.00 122.00 OK
r-devel-windows-ix86+x86_64-gcc8 2.14-1 18.00 124.00 142.00 OK
r-patched-linux-x86_64 2.14-1 4.16 56.73 60.89 OK
r-patched-solaris-x86 2.14-1 117.10 OK
r-release-linux-x86_64 2.14-1 5.01 57.01 62.02 OK
r-release-windows-ix86+x86_64 2.14-1 29.00 124.00 153.00 OK
r-release-osx-x86_64 2.14-1 OK
r-oldrel-windows-ix86+x86_64 2.11-1 11.00 145.00 156.00 OK
r-oldrel-osx-x86_64 2.14-1 ERROR

Check Details

Version: 2.14-1
Check: whether package can be installed
Result: ERROR
    Installation failed.
Flavor: r-oldrel-osx-x86_64