Last updated on 2020-03-27 00:49:29 CET.
Flavor | Version | Tinstall | Tcheck | Ttotal | Status | Flags |
---|---|---|---|---|---|---|
r-devel-linux-x86_64-debian-clang | 0.1.1 | 65.65 | 121.33 | 186.98 | OK | |
r-devel-linux-x86_64-debian-gcc | 0.1.1 | 51.25 | 88.27 | 139.52 | OK | |
r-devel-linux-x86_64-fedora-clang | 0.1.1 | 250.20 | NOTE | |||
r-devel-linux-x86_64-fedora-gcc | 0.1.1 | 234.43 | OK | |||
r-devel-windows-ix86+x86_64 | 0.1.1 | 109.00 | 195.00 | 304.00 | OK | |
r-devel-windows-ix86+x86_64-gcc8 | 0.1.1 | 111.00 | 242.00 | 353.00 | OK | |
r-patched-linux-x86_64 | 0.1.1 | 53.64 | 112.82 | 166.46 | OK | |
r-patched-solaris-x86 | 0.1.1 | 292.20 | OK | |||
r-release-linux-x86_64 | 0.1.1 | 52.05 | 112.15 | 164.20 | OK | |
r-release-windows-ix86+x86_64 | 0.1.1 | 138.00 | 258.00 | 396.00 | OK | |
r-release-osx-x86_64 | 0.1.1 | NOTE | ||||
r-oldrel-windows-ix86+x86_64 | 0.1.1 | 131.00 | 497.00 | 628.00 | OK | |
r-oldrel-osx-x86_64 | 0.1.1 | NOTE |
Version: 0.1.1
Check: installed package size
Result: NOTE
installed size is 7.7Mb
sub-directories of 1Mb or more:
libs 7.3Mb
Flavors: r-devel-linux-x86_64-fedora-clang, r-release-osx-x86_64, r-oldrel-osx-x86_64