Last updated on 2020-03-27 00:49:30 CET.
Flavor | Version | Tinstall | Tcheck | Ttotal | Status | Flags |
---|---|---|---|---|---|---|
r-devel-linux-x86_64-debian-clang | 1.0 | 2.31 | 23.35 | 25.66 | NOTE | |
r-devel-linux-x86_64-debian-gcc | 1.0 | 1.91 | 18.56 | 20.47 | NOTE | |
r-devel-linux-x86_64-fedora-clang | 1.0 | 33.62 | NOTE | |||
r-devel-linux-x86_64-fedora-gcc | 1.0 | 31.09 | NOTE | |||
r-devel-windows-ix86+x86_64 | 1.0 | 5.00 | 50.00 | 55.00 | NOTE | |
r-devel-windows-ix86+x86_64-gcc8 | 1.0 | 5.00 | 40.00 | 45.00 | NOTE | |
r-patched-linux-x86_64 | 1.0 | 1.83 | 21.63 | 23.46 | NOTE | |
r-patched-solaris-x86 | 1.0 | 50.70 | NOTE | |||
r-release-linux-x86_64 | 1.0 | 1.79 | 21.61 | 23.40 | NOTE | |
r-release-windows-ix86+x86_64 | 1.0 | 5.00 | 48.00 | 53.00 | NOTE | |
r-release-osx-x86_64 | 1.0 | NOTE | ||||
r-oldrel-windows-ix86+x86_64 | 1.0 | 3.00 | 33.00 | 36.00 | NOTE | |
r-oldrel-osx-x86_64 | 1.0 | NOTE |
Version: 1.0
Check: R code for possible problems
Result: NOTE
a_get_native: no visible global function definition for 'par'
a_get_relative: no visible global function definition for 'par'
brackets: no visible global function definition for 'par'
brackets: no visible global function definition for 'dist'
brackets: no visible global function definition for 'lines'
Undefined global functions or variables:
dist lines par
Consider adding
importFrom("graphics", "lines", "par")
importFrom("stats", "dist")
to your NAMESPACE file.
Flavors: r-devel-linux-x86_64-debian-clang, r-devel-linux-x86_64-debian-gcc, r-devel-linux-x86_64-fedora-clang, r-devel-linux-x86_64-fedora-gcc, r-devel-windows-ix86+x86_64, r-devel-windows-ix86+x86_64-gcc8, r-patched-linux-x86_64, r-patched-solaris-x86, r-release-linux-x86_64, r-release-windows-ix86+x86_64, r-release-osx-x86_64, r-oldrel-windows-ix86+x86_64, r-oldrel-osx-x86_64