CRAN Package Check Results for Package packager

Last updated on 2020-03-27 00:49:29 CET.

Flavor Version Tinstall Tcheck Ttotal Status Flags
r-devel-linux-x86_64-debian-clang 1.1.0 4.30 172.83 177.13 OK
r-devel-linux-x86_64-debian-gcc 1.1.0 3.72 134.21 137.93 OK
r-devel-linux-x86_64-fedora-clang 1.1.0 216.84 OK
r-devel-linux-x86_64-fedora-gcc 1.1.0 177.84 OK
r-devel-windows-ix86+x86_64 1.1.0 19.00 242.00 261.00 OK
r-devel-windows-ix86+x86_64-gcc8 1.0.0 18.00 288.00 306.00 OK
r-patched-linux-x86_64 1.1.0 4.12 153.43 157.55 OK
r-patched-solaris-x86 1.1.0 274.00 WARN
r-release-linux-x86_64 1.1.0 4.32 153.01 157.33 OK
r-release-windows-ix86+x86_64 1.1.0 32.00 366.00 398.00 OK
r-release-osx-x86_64 1.1.0 OK
r-oldrel-windows-ix86+x86_64 1.1.0 19.00 358.00 377.00 OK
r-oldrel-osx-x86_64 1.1.0 OK

Check Details

Version: 1.1.0
Check: dependencies in R code
Result: NOTE
    sh: whoami: not found
    sh: git: not found
    sh: git: not found
Flavor: r-patched-solaris-x86

Version: 1.1.0
Check: S3 generic/method consistency
Result: WARN
    sh: whoami: not found
    sh: git: not found
    sh: git: not found
    See section ‘Generic functions and methods’ in the ‘Writing R
    Extensions’ manual.
Flavor: r-patched-solaris-x86

Version: 1.1.0
Check: replacement functions
Result: WARN
    sh: whoami: not found
    sh: git: not found
    sh: git: not found
    The argument of a replacement function which corresponds to the right
    hand side must be named ‘value’.
Flavor: r-patched-solaris-x86

Version: 1.1.0
Check: foreign function calls
Result: NOTE
    sh: whoami: not found
    sh: git: not found
    sh: git: not found
    See chapter ‘System and foreign language interfaces’ in the ‘Writing R
    Extensions’ manual.
Flavor: r-patched-solaris-x86

Version: 1.1.0
Check: R code for possible problems
Result: NOTE
    sh: whoami: not found
    sh: git: not found
    sh: git: not found
    sh: whoami: not found
    sh: git: not found
    sh: git: not found
Flavor: r-patched-solaris-x86

Version: 1.1.0
Check: for missing documentation entries
Result: WARN
    sh: whoami: not found
    sh: git: not found
    sh: git: not found
    All user-level objects in a package should have documentation entries.
    See chapter ‘Writing R documentation files’ in the ‘Writing R
    Extensions’ manual.
Flavor: r-patched-solaris-x86

Version: 1.1.0
Check: for code/documentation mismatches
Result: WARN
    sh: whoami: not found
    sh: git: not found
    sh: git: not found
    sh: whoami: not found
    sh: git: not found
    sh: git: not found
    sh: whoami: not found
    sh: git: not found
    sh: git: not found
Flavor: r-patched-solaris-x86

Version: 1.1.0
Check: Rd \usage sections
Result: NOTE
    sh: whoami: not found
    sh: git: not found
    sh: git: not found
    The \usage entries for S3 methods should use the \method markup and not
    their full name.
    See chapter ‘Writing R documentation files’ in the ‘Writing R
    Extensions’ manual.
Flavor: r-patched-solaris-x86