Last updated on 2020-03-27 00:49:29 CET.
Flavor | Version | Tinstall | Tcheck | Ttotal | Status | Flags |
---|---|---|---|---|---|---|
r-devel-linux-x86_64-debian-clang | 0.5.0 | 42.14 | 64.69 | 106.83 | OK | |
r-devel-linux-x86_64-debian-gcc | 0.5.0 | 24.24 | 49.49 | 73.73 | OK | |
r-devel-linux-x86_64-fedora-clang | 0.5.0 | 141.20 | OK | |||
r-devel-linux-x86_64-fedora-gcc | 0.5.0 | 121.87 | OK | |||
r-devel-windows-ix86+x86_64 | 0.5.0 | 72.00 | 102.00 | 174.00 | OK | |
r-devel-windows-ix86+x86_64-gcc8 | 0.5.0 | 85.00 | 123.00 | 208.00 | NOTE | |
r-patched-linux-x86_64 | 0.5.0 | 31.95 | 58.14 | 90.09 | OK | |
r-patched-solaris-x86 | 0.5.0 | 155.40 | OK | |||
r-release-linux-x86_64 | 0.5.0 | 31.27 | 59.61 | 90.88 | OK | |
r-release-windows-ix86+x86_64 | 0.5.0 | 119.00 | 142.00 | 261.00 | OK | |
r-release-osx-x86_64 | 0.5.0 | OK | ||||
r-oldrel-windows-ix86+x86_64 | 0.5.0 | 88.00 | 160.00 | 248.00 | OK | |
r-oldrel-osx-x86_64 | 0.5.0 | OK |
Version: 0.5.0
Check: installed package size
Result: NOTE
installed size is 5.2Mb
sub-directories of 1Mb or more:
data 1.7Mb
doc 1.3Mb
libs 2.0Mb
Flavor: r-devel-windows-ix86+x86_64-gcc8