CRAN Package Check Results for Package pak

Last updated on 2020-03-27 00:49:29 CET.

Flavor Version Tinstall Tcheck Ttotal Status Flags
r-devel-linux-x86_64-debian-clang 0.1.2 8.55 86.70 95.25 OK
r-devel-linux-x86_64-debian-gcc 0.1.2 6.43 66.39 72.82 OK
r-devel-linux-x86_64-fedora-clang 0.1.2 114.34 NOTE
r-devel-linux-x86_64-fedora-gcc 0.1.2 90.74 OK
r-devel-windows-ix86+x86_64 0.1.2 13.00 105.00 118.00 OK
r-devel-windows-ix86+x86_64-gcc8 0.1.2 12.00 128.00 140.00 ERROR
r-patched-linux-x86_64 0.1.2 5.91 77.24 83.15 OK
r-patched-solaris-x86 0.1.2 132.00 OK
r-release-linux-x86_64 0.1.2 7.41 76.35 83.76 OK
r-release-windows-ix86+x86_64 0.1.2 16.00 123.00 139.00 OK
r-release-osx-x86_64 0.1.2 OK
r-oldrel-windows-ix86+x86_64 0.1.2 13.00 116.00 129.00 OK
r-oldrel-osx-x86_64 0.1.2 OK

Check Details

Version: 0.1.2
Check: package dependencies
Result: NOTE
    Imports includes 21 non-default packages.
    Importing from so many packages makes the package vulnerable to any of
    them becoming unavailable. Move as many as possible to Suggests and
    use conditionally.
Flavor: r-devel-linux-x86_64-fedora-clang

Version: 0.1.2
Check: tests
Result: ERROR
     Running 'test-pkgdepends.R' [54s]
     Running 'test-pkginstall.R' [0s]
     Running 'testthat.R' [19s]
    Running the tests in 'tests/test-pkgdepends.R' failed.
    Complete output:
     >
     > do <- function() {
     + old <- Sys.getenv("R_PKG_CACHE_DIR", NA_character_)
     + if (is.na(old)) {
     + on.exit(Sys.unsetenv("R_PKG_CACHE_DIR"), add = TRUE)
     + } else {
     + on.exit(Sys.setenv("R_PKG_CACHE_DIR" = old), add = TRUE)
     + }
     + Sys.setenv("R_PKG_CACHE_DIR" = tempfile())
     +
     + if (file.exists("pkgdepends")) {
     + library(testthat)
     + library(pak)
     + test <- function() {
     + package <- "pak"
     + env_test <- asNamespace("testthat")$env_test
     + env_test$in_test <- TRUE
     + env_test$package <- package
     + on.exit({
     + env_test$in_test <- FALSE
     + env_test$package <- NULL
     + }, add = TRUE)
     + test_path <- "pkgdepends"
     + asNamespace("testthat")$test_package_dir(
     + package = package, test_path = test_path,
     + filter = NULL, reporter = "check")
     + }
     + test()
     + }
     + }
     >
     > do()
     -- 1. Error: dependencies are honoured (@test-resolution.R#291) ---------------
     Wrong entry types: `filesize (double, expected integer)`
     Backtrace:
     1. asNamespace("pkgcache")$synchronise(do("cran::dplyr", FALSE))
    
     == testthat results ===========================================================
     [ OK: 675 | SKIPPED: 32 | WARNINGS: 0 | FAILED: 1 ]
     1. Error: dependencies are honoured (@test-resolution.R#291)
    
     Error: testthat unit tests failed
     Execution halted
Flavor: r-devel-windows-ix86+x86_64-gcc8