CRAN Package Check Results for Package palasso

Last updated on 2020-03-27 00:49:29 CET.

Flavor Version Tinstall Tcheck Ttotal Status Flags
r-devel-linux-x86_64-debian-clang 0.0.7 8.34 62.39 70.73 NOTE
r-devel-linux-x86_64-debian-gcc 0.0.7 6.03 47.50 53.53 NOTE
r-devel-linux-x86_64-fedora-clang 0.0.7 77.57 NOTE
r-devel-linux-x86_64-fedora-gcc 0.0.7 78.36 NOTE
r-devel-windows-ix86+x86_64 0.0.7 14.00 65.00 79.00 OK
r-devel-windows-ix86+x86_64-gcc8 0.0.7 11.00 74.00 85.00 NOTE
r-patched-linux-x86_64 0.0.7 6.30 54.76 61.06 NOTE
r-patched-solaris-x86 0.0.7 114.60 NOTE
r-release-linux-x86_64 0.0.7 7.34 54.96 62.30 NOTE
r-release-windows-ix86+x86_64 0.0.7 17.00 87.00 104.00 OK
r-release-osx-x86_64 0.0.7 NOTE
r-oldrel-windows-ix86+x86_64 0.0.7 9.00 88.00 97.00 OK
r-oldrel-osx-x86_64 0.0.7 OK

Check Details

Version: 0.0.7
Check: package dependencies
Result: NOTE
    Package which this enhances but not available for checking: 'CorShrink'
Flavors: r-devel-linux-x86_64-debian-clang, r-devel-linux-x86_64-debian-gcc, r-devel-linux-x86_64-fedora-clang, r-devel-linux-x86_64-fedora-gcc, r-devel-windows-ix86+x86_64-gcc8, r-patched-linux-x86_64, r-patched-solaris-x86, r-release-linux-x86_64, r-release-osx-x86_64