CRAN Package Check Results for Package palr

Last updated on 2020-03-27 00:49:29 CET.

Flavor Version Tinstall Tcheck Ttotal Status Flags
r-devel-linux-x86_64-debian-clang 0.2.0 2.41 34.45 36.86 OK
r-devel-linux-x86_64-debian-gcc 0.2.0 1.97 26.77 28.74 OK
r-devel-linux-x86_64-fedora-clang 0.2.0 46.88 OK
r-devel-linux-x86_64-fedora-gcc 0.2.0 43.09 OK
r-devel-windows-ix86+x86_64 0.2.0 5.00 46.00 51.00 OK
r-devel-windows-ix86+x86_64-gcc8 0.2.0 6.00 51.00 57.00 OK
r-patched-linux-x86_64 0.2.0 2.01 31.19 33.20 OK
r-patched-solaris-x86 0.2.0 69.30 OK
r-release-linux-x86_64 0.2.0 2.10 30.81 32.91 OK
r-release-windows-ix86+x86_64 0.2.0 15.00 72.00 87.00 OK
r-release-osx-x86_64 0.2.0 OK
r-oldrel-windows-ix86+x86_64 0.2.0 7.00 63.00 70.00 ERROR
r-oldrel-osx-x86_64 0.2.0 ERROR

Check Details

Version: 0.2.0
Check: dependencies in R code
Result: NOTE
    Missing or unexported object: 'grDevices::hcl.colors'
Flavors: r-oldrel-windows-ix86+x86_64, r-oldrel-osx-x86_64

Version: 0.2.0
Check: examples
Result: ERROR
    Running examples in 'palr-Ex.R' failed
    The error most likely occurred in:
    
    > ### Name: image_pal
    > ### Title: Map data values to colours
    > ### Aliases: image_pal image_raster image_stars
    >
    > ### ** Examples
    >
    > set.seed(28)
    > vals <- sort(rnorm(100))
    > cols <- image_pal(vals, zlim = c(-2.4, 2))
    Error: 'hcl.colors' is not an exported object from 'namespace:grDevices'
    Execution halted
Flavors: r-oldrel-windows-ix86+x86_64, r-oldrel-osx-x86_64

Version: 0.2.0
Check: re-building of vignette outputs
Result: WARN
    Error in re-building vignettes:
     ...
    Quitting from lines 68-72 (palr.Rmd)
    Error: processing vignette 'palr.Rmd' failed with diagnostics:
    'hcl.colors' is not an exported object from 'namespace:grDevices'
    Execution halted
Flavor: r-oldrel-windows-ix86+x86_64

Version: 0.2.0
Check: re-building of vignette outputs
Result: WARN
    Error in re-building vignettes:
     ...
    Warning in engine$weave(file, quiet = quiet, encoding = enc) :
     Pandoc (>= 1.12.3) and/or pandoc-citeproc not available. Falling back to R Markdown v1.
    Warning in engine$weave(file, quiet = quiet, encoding = enc) :
     Pandoc (>= 1.12.3) and/or pandoc-citeproc not available. Falling back to R Markdown v1.
    Quitting from lines 68-72 (palr.Rmd)
    Error: processing vignette 'palr.Rmd' failed with diagnostics:
    'hcl.colors' is not an exported object from 'namespace:grDevices'
    Execution halted
Flavor: r-oldrel-osx-x86_64