CRAN Package Check Results for Package parameters

Last updated on 2020-03-27 00:49:29 CET.

Flavor Version Tinstall Tcheck Ttotal Status Flags
r-devel-linux-x86_64-debian-clang 0.6.0 19.17 277.28 296.45 NOTE
r-devel-linux-x86_64-debian-gcc 0.6.0 12.78 204.08 216.86 NOTE
r-devel-linux-x86_64-fedora-clang 0.6.0 355.17 NOTE
r-devel-linux-x86_64-fedora-gcc 0.6.0 348.23 NOTE
r-devel-windows-ix86+x86_64 0.6.0 26.00 279.00 305.00 OK
r-devel-windows-ix86+x86_64-gcc8 0.5.0 25.00 442.00 467.00 OK
r-patched-linux-x86_64 0.6.0 11.80 243.71 255.51 NOTE
r-patched-solaris-x86 0.6.0 436.30 NOTE
r-release-linux-x86_64 0.6.0 12.92 242.39 255.31 NOTE
r-release-windows-ix86+x86_64 0.6.0 30.00 400.00 430.00 OK
r-release-osx-x86_64 0.6.0 NOTE
r-oldrel-windows-ix86+x86_64 0.6.0 24.00 350.00 374.00 OK
r-oldrel-osx-x86_64 0.6.0 NOTE

Check Details

Version: 0.6.0
Check: package dependencies
Result: NOTE
    Package suggested but not available for checking: 'Zelig'
Flavors: r-devel-linux-x86_64-debian-clang, r-devel-linux-x86_64-debian-gcc, r-patched-linux-x86_64, r-release-linux-x86_64

Version: 0.6.0
Check: package dependencies
Result: NOTE
    Packages suggested but not available for checking: 'M3C', 'Zelig'
Flavors: r-devel-linux-x86_64-fedora-clang, r-devel-linux-x86_64-fedora-gcc, r-patched-solaris-x86

Version: 0.6.0
Check: package dependencies
Result: NOTE
    Package suggested but not available for checking: ‘M3C’
Flavors: r-release-osx-x86_64, r-oldrel-osx-x86_64