Last updated on 2020-03-27 00:49:30 CET.
Flavor | Version | Tinstall | Tcheck | Ttotal | Status | Flags |
---|---|---|---|---|---|---|
r-devel-linux-x86_64-debian-clang | 1.1 | 2.77 | 22.75 | 25.52 | NOTE | |
r-devel-linux-x86_64-debian-gcc | 1.1 | 2.15 | 18.84 | 20.99 | NOTE | |
r-devel-linux-x86_64-fedora-clang | 1.1 | 34.19 | NOTE | |||
r-devel-linux-x86_64-fedora-gcc | 1.1 | 31.28 | NOTE | |||
r-devel-windows-ix86+x86_64 | 1.1 | 8.00 | 39.00 | 47.00 | NOTE | |
r-devel-windows-ix86+x86_64-gcc8 | 1.1 | 6.00 | 37.00 | 43.00 | NOTE | |
r-patched-linux-x86_64 | 1.1 | 2.09 | 21.92 | 24.01 | NOTE | |
r-patched-solaris-x86 | 1.1 | 54.60 | NOTE | |||
r-release-linux-x86_64 | 1.1 | 1.91 | 21.73 | 23.64 | NOTE | |
r-release-windows-ix86+x86_64 | 1.1 | 12.00 | 60.00 | 72.00 | NOTE | |
r-release-osx-x86_64 | 1.1 | NOTE | ||||
r-oldrel-windows-ix86+x86_64 | 1.1 | 6.00 | 53.00 | 59.00 | NOTE | |
r-oldrel-osx-x86_64 | 1.1 | NOTE |
Version: 1.1
Check: DESCRIPTION meta-information
Result: NOTE
Malformed Description field: should contain one or more complete sentences.
Flavors: r-devel-linux-x86_64-debian-clang, r-devel-linux-x86_64-debian-gcc, r-devel-linux-x86_64-fedora-clang, r-devel-linux-x86_64-fedora-gcc, r-devel-windows-ix86+x86_64, r-devel-windows-ix86+x86_64-gcc8, r-patched-linux-x86_64, r-patched-solaris-x86, r-release-linux-x86_64, r-release-windows-ix86+x86_64, r-release-osx-x86_64, r-oldrel-windows-ix86+x86_64, r-oldrel-osx-x86_64
Version: 1.1
Check: R code for possible problems
Result: NOTE
parviol: no visible global function definition for 'plot.new'
parviol: no visible global function definition for 'plot.window'
parviol: no visible global function definition for 'title'
parviol: no visible global function definition for 'lines'
parviol: no visible global function definition for 'text'
parviol: no visible global function definition for 'rgb'
selecto: no visible global function definition for 'lines'
Undefined global functions or variables:
lines plot.new plot.window rgb text title
Consider adding
importFrom("grDevices", "rgb")
importFrom("graphics", "lines", "plot.new", "plot.window", "text",
"title")
to your NAMESPACE file.
Flavors: r-devel-linux-x86_64-debian-clang, r-devel-linux-x86_64-debian-gcc, r-devel-linux-x86_64-fedora-clang, r-devel-linux-x86_64-fedora-gcc, r-devel-windows-ix86+x86_64, r-devel-windows-ix86+x86_64-gcc8, r-patched-linux-x86_64, r-patched-solaris-x86, r-release-linux-x86_64, r-release-windows-ix86+x86_64, r-release-osx-x86_64, r-oldrel-windows-ix86+x86_64, r-oldrel-osx-x86_64