Last updated on 2020-03-27 00:49:30 CET.
Flavor | Version | Tinstall | Tcheck | Ttotal | Status | Flags |
---|---|---|---|---|---|---|
r-devel-linux-x86_64-debian-clang | 0.5-3 | 16.89 | 53.71 | 70.60 | OK | |
r-devel-linux-x86_64-debian-gcc | 0.5-3 | 12.37 | 41.75 | 54.12 | OK | |
r-devel-linux-x86_64-fedora-clang | 0.5-3 | 91.12 | OK | |||
r-devel-linux-x86_64-fedora-gcc | 0.5-3 | 83.96 | OK | |||
r-devel-windows-ix86+x86_64 | 0.5-3 | 141.00 | 123.00 | 264.00 | OK | |
r-devel-windows-ix86+x86_64-gcc8 | 0.5-3 | 146.00 | 92.00 | 238.00 | OK | |
r-patched-linux-x86_64 | 0.5-3 | 14.73 | 48.30 | 63.03 | OK | |
r-patched-solaris-x86 | 0.5-3 | 171.10 | OK | |||
r-release-linux-x86_64 | 0.5-3 | 13.90 | 48.65 | 62.55 | OK | |
r-release-windows-ix86+x86_64 | 0.5-3 | 156.00 | 122.00 | 278.00 | OK | |
r-release-osx-x86_64 | 0.5-3 | ERROR | ||||
r-oldrel-osx-x86_64 | 0.5-3 | ERROR |
Version: 0.5-3
Check: package dependencies
Result: ERROR
Packages required but not available: 'pbdMPI', 'pbdSLAP'
See section ‘The DESCRIPTION file’ in the ‘Writing R Extensions’
manual.
Flavor: r-release-osx-x86_64
Version: 0.5-3
Check: package dependencies
Result: ERROR
Packages required but not available: ‘pbdMPI’ ‘pbdSLAP’
See section ‘The DESCRIPTION file’ in the ‘Writing R Extensions’
manual.
Flavor: r-oldrel-osx-x86_64