Last updated on 2020-03-27 00:49:30 CET.
Flavor | Version | Tinstall | Tcheck | Ttotal | Status | Flags |
---|---|---|---|---|---|---|
r-devel-linux-x86_64-debian-clang | 0.3-0 | 138.91 | 46.32 | 185.23 | OK | |
r-devel-linux-x86_64-debian-gcc | 0.3-0 | 107.10 | 36.60 | 143.70 | OK | |
r-devel-linux-x86_64-fedora-clang | 0.3-0 | 267.93 | NOTE | |||
r-devel-linux-x86_64-fedora-gcc | 0.3-0 | 250.19 | OK | |||
r-devel-windows-ix86+x86_64 | 0.3-0 | 472.00 | 116.00 | 588.00 | NOTE | |
r-devel-windows-ix86+x86_64-gcc8 | 0.3-0 | 460.00 | 92.00 | 552.00 | NOTE | |
r-patched-linux-x86_64 | 0.3-0 | 124.80 | 42.13 | 166.93 | OK | |
r-patched-solaris-x86 | 0.3-0 | 358.80 | NOTE | |||
r-release-linux-x86_64 | 0.3-0 | 125.10 | 42.66 | 167.76 | OK | |
r-release-windows-ix86+x86_64 | 0.3-0 | 664.00 | 115.00 | 779.00 | NOTE | |
r-release-osx-x86_64 | 0.3-0 | ERROR | ||||
r-oldrel-windows-ix86+x86_64 | 0.2-7 | 347.00 | 67.00 | 414.00 | NOTE | |
r-oldrel-osx-x86_64 | 0.3-0 | ERROR |
Version: 0.3-0
Check: installed package size
Result: NOTE
installed size is 10.4Mb
sub-directories of 1Mb or more:
lib 10.0Mb
Flavors: r-devel-linux-x86_64-fedora-clang, r-devel-windows-ix86+x86_64, r-devel-windows-ix86+x86_64-gcc8, r-patched-solaris-x86, r-release-windows-ix86+x86_64
Version: 0.3-0
Check: package dependencies
Result: ERROR
Package required but not available: ‘pbdMPI’
See section ‘The DESCRIPTION file’ in the ‘Writing R Extensions’
manual.
Flavors: r-release-osx-x86_64, r-oldrel-osx-x86_64
Version: 0.2-7
Check: installed package size
Result: NOTE
installed size is 10.5Mb
sub-directories of 1Mb or more:
lib 5.6Mb
libs 4.6Mb
Flavor: r-oldrel-windows-ix86+x86_64