CRAN Package Check Results for Package perARMA

Last updated on 2020-03-27 00:49:30 CET.

Flavor Version Tinstall Tcheck Ttotal Status Flags
r-devel-linux-x86_64-debian-clang 1.6 6.24 46.45 52.69 NOTE
r-devel-linux-x86_64-debian-gcc 1.6 5.10 35.16 40.26 NOTE
r-devel-linux-x86_64-fedora-clang 1.6 68.88 NOTE
r-devel-linux-x86_64-fedora-gcc 1.6 60.29 NOTE
r-devel-windows-ix86+x86_64 1.6 11.00 51.00 62.00 OK
r-devel-windows-ix86+x86_64-gcc8 1.6 10.00 59.00 69.00 OK
r-patched-linux-x86_64 1.6 5.29 41.14 46.43 OK
r-patched-solaris-x86 1.6 87.80 NOTE
r-release-linux-x86_64 1.6 5.74 41.46 47.20 OK
r-release-windows-ix86+x86_64 1.6 14.00 78.00 92.00 OK
r-release-osx-x86_64 1.6 OK
r-oldrel-windows-ix86+x86_64 1.6 11.00 80.00 91.00 OK
r-oldrel-osx-x86_64 1.6 OK

Check Details

Version: 1.6
Check: for non-standard things in the check directory
Result: NOTE
    Found the following files/directories:
     'PARMA21del1_ident'
Flavors: r-devel-linux-x86_64-debian-clang, r-devel-linux-x86_64-debian-gcc, r-devel-linux-x86_64-fedora-clang, r-devel-linux-x86_64-fedora-gcc, r-patched-solaris-x86