Last updated on 2020-03-27 00:49:30 CET.
Flavor | Version | Tinstall | Tcheck | Ttotal | Status | Flags |
---|---|---|---|---|---|---|
r-devel-linux-x86_64-debian-clang | 0.9.30 | 23.68 | 148.43 | 172.11 | NOTE | |
r-devel-linux-x86_64-debian-gcc | 0.9.30 | 16.52 | 109.95 | 126.47 | NOTE | |
r-devel-linux-x86_64-fedora-clang | 0.9.30 | 209.59 | NOTE | |||
r-devel-linux-x86_64-fedora-gcc | 0.9.30 | 187.12 | NOTE | |||
r-devel-windows-ix86+x86_64 | 0.9.30 | 40.00 | 161.00 | 201.00 | NOTE | |
r-devel-windows-ix86+x86_64-gcc8 | 0.9.30 | 33.00 | 182.00 | 215.00 | OK | |
r-patched-linux-x86_64 | 0.9.30 | 17.35 | 130.81 | 148.16 | OK | |
r-patched-solaris-x86 | 0.9.30 | 236.90 | NOTE | |||
r-release-linux-x86_64 | 0.9.30 | 16.61 | 130.62 | 147.23 | OK | |
r-release-windows-ix86+x86_64 | 0.9.30 | 51.00 | 227.00 | 278.00 | OK | |
r-release-osx-x86_64 | 0.9.30 | OK | ||||
r-oldrel-windows-ix86+x86_64 | 0.9.30 | 50.00 | 203.00 | 253.00 | OK | |
r-oldrel-osx-x86_64 | 0.9.30 | OK |
Version: 0.9.30
Check: S3 generic/method consistency
Result: NOTE
Found the following apparent S3 methods exported but not registered:
cospi.generic_spct sinpi.generic_spct tanpi.generic_spct
See section 'Registering S3 methods' in the 'Writing R Extensions'
manual.
Flavors: r-devel-linux-x86_64-debian-clang, r-devel-linux-x86_64-debian-gcc, r-devel-linux-x86_64-fedora-clang, r-devel-linux-x86_64-fedora-gcc, r-devel-windows-ix86+x86_64, r-patched-solaris-x86
Version: 0.9.30
Check: Rd \usage sections
Result: NOTE
S3 methods shown with full name in documentation object 'Trig':
'cospi.generic_spct' 'sinpi.generic_spct' 'tanpi.generic_spct'
The \usage entries for S3 methods should use the \method markup and not
their full name.
See chapter 'Writing R documentation files' in the 'Writing R
Extensions' manual.
Flavors: r-devel-linux-x86_64-debian-clang, r-devel-linux-x86_64-debian-gcc, r-devel-linux-x86_64-fedora-clang, r-devel-linux-x86_64-fedora-gcc, r-devel-windows-ix86+x86_64, r-patched-solaris-x86