Last updated on 2020-03-27 00:49:30 CET.
Flavor | Version | Tinstall | Tcheck | Ttotal | Status | Flags |
---|---|---|---|---|---|---|
r-devel-linux-x86_64-debian-clang | 0.50 | 4.79 | 57.80 | 62.59 | OK | |
r-devel-linux-x86_64-debian-gcc | 0.50 | 4.21 | 44.26 | 48.47 | OK | |
r-devel-linux-x86_64-fedora-clang | 0.50 | 80.75 | NOTE | |||
r-devel-linux-x86_64-fedora-gcc | 0.50 | 71.12 | NOTE | |||
r-devel-windows-ix86+x86_64 | 0.50 | 12.00 | 63.00 | 75.00 | OK | |
r-devel-windows-ix86+x86_64-gcc8 | 0.50 | 15.00 | 80.00 | 95.00 | OK | |
r-patched-linux-x86_64 | 0.50 | 4.60 | 52.28 | 56.88 | OK | |
r-patched-solaris-x86 | 0.50 | 127.00 | NOTE | |||
r-release-linux-x86_64 | 0.50 | 4.58 | 52.44 | 57.02 | OK | |
r-release-windows-ix86+x86_64 | 0.50 | 23.00 | 111.00 | 134.00 | OK | |
r-release-osx-x86_64 | 0.50 | NOTE | ||||
r-oldrel-windows-ix86+x86_64 | 0.50 | 14.00 | 100.00 | 114.00 | OK | |
r-oldrel-osx-x86_64 | 0.50 | NOTE |
Version: 0.50
Check: dependencies in R code
Result: NOTE
Namespace in Imports field not imported from: ‘FrF2.catlg128’
All declared Imports should be used.
Flavors: r-devel-linux-x86_64-fedora-clang, r-devel-linux-x86_64-fedora-gcc, r-patched-solaris-x86, r-release-osx-x86_64, r-oldrel-osx-x86_64