Last updated on 2020-03-27 00:49:30 CET.
Flavor | Version | Tinstall | Tcheck | Ttotal | Status | Flags |
---|---|---|---|---|---|---|
r-devel-linux-x86_64-debian-clang | 1.2.1 | 9.52 | 137.83 | 147.35 | OK | |
r-devel-linux-x86_64-debian-gcc | 1.2.1 | 8.81 | 101.51 | 110.32 | OK | |
r-devel-linux-x86_64-fedora-clang | 1.2.1 | 183.51 | OK | |||
r-devel-linux-x86_64-fedora-gcc | 1.2.1 | 165.97 | OK | |||
r-devel-windows-ix86+x86_64 | 1.2.1 | 15.00 | 134.00 | 149.00 | OK | |
r-devel-windows-ix86+x86_64-gcc8 | 1.2.1 | 20.00 | 164.00 | 184.00 | OK | |
r-patched-linux-x86_64 | 1.2.1 | 8.24 | 123.59 | 131.83 | OK | |
r-patched-solaris-x86 | 1.2.1 | 213.00 | WARN | |||
r-release-linux-x86_64 | 1.2.1 | 8.02 | 124.64 | 132.66 | OK | |
r-release-windows-ix86+x86_64 | 1.2.1 | 18.00 | 201.00 | 219.00 | OK | |
r-release-osx-x86_64 | 1.2.1 | OK | ||||
r-oldrel-windows-ix86+x86_64 | 1.2.1 | 15.00 | 204.00 | 219.00 | OK | |
r-oldrel-osx-x86_64 | 1.2.1 | OK |
Version: 1.2.1
Check: for unstated dependencies in ‘tests’
Result: WARN
Warning in deparse(e[[2L]]) :
it is not known that wchar_t is Unicode on this platform
Warning in deparse(e[[2L]]) :
it is not known that wchar_t is Unicode on this platform
Flavor: r-patched-solaris-x86