Last updated on 2020-03-27 00:49:30 CET.
Flavor | Version | Tinstall | Tcheck | Ttotal | Status | Flags |
---|---|---|---|---|---|---|
r-devel-linux-x86_64-debian-clang | 0.3.2 | 7.47 | 82.87 | 90.34 | OK | |
r-devel-linux-x86_64-debian-gcc | 0.3.2 | 6.03 | 64.90 | 70.93 | OK | |
r-devel-linux-x86_64-fedora-clang | 0.3.2 | 115.51 | NOTE | |||
r-devel-linux-x86_64-fedora-gcc | 0.3.2 | 107.35 | NOTE | |||
r-devel-windows-ix86+x86_64 | 0.3.2 | 10.00 | 113.00 | 123.00 | OK | |
r-devel-windows-ix86+x86_64-gcc8 | 0.3.2 | 13.00 | 122.00 | 135.00 | OK | |
r-patched-linux-x86_64 | 0.3.2 | 5.08 | 76.51 | 81.59 | OK | |
r-patched-solaris-x86 | 0.3.2 | 152.50 | NOTE | |||
r-release-linux-x86_64 | 0.3.2 | 6.18 | 76.32 | 82.50 | OK | |
r-release-windows-ix86+x86_64 | 0.3.2 | 14.00 | 153.00 | 167.00 | OK | |
r-release-osx-x86_64 | 0.3.2 | NOTE | ||||
r-oldrel-windows-ix86+x86_64 | 0.3.2 | 12.00 | 135.00 | 147.00 | OK | |
r-oldrel-osx-x86_64 | 0.3.2 | NOTE |
Version: 0.3.2
Check: data for non-ASCII characters
Result: NOTE
Note: found 36 marked UTF-8 strings
Flavors: r-devel-linux-x86_64-fedora-clang, r-devel-linux-x86_64-fedora-gcc, r-patched-solaris-x86, r-release-osx-x86_64, r-oldrel-osx-x86_64