Last updated on 2020-03-27 00:49:30 CET.
Flavor | Version | Tinstall | Tcheck | Ttotal | Status | Flags |
---|---|---|---|---|---|---|
r-devel-linux-x86_64-debian-clang | 1.8.2 | 13.17 | 96.49 | 109.66 | NOTE | |
r-devel-linux-x86_64-debian-gcc | 1.8.2 | 10.58 | 71.03 | 81.61 | NOTE | |
r-devel-linux-x86_64-fedora-clang | 1.8.2 | 143.89 | NOTE | |||
r-devel-linux-x86_64-fedora-gcc | 1.8.2 | 123.79 | NOTE | |||
r-devel-windows-ix86+x86_64 | 1.8.2 | 33.00 | 94.00 | 127.00 | NOTE | |
r-devel-windows-ix86+x86_64-gcc8 | 1.8.2 | 25.00 | 111.00 | 136.00 | NOTE | |
r-patched-linux-x86_64 | 1.8.2 | 12.25 | 79.98 | 92.23 | NOTE | |
r-patched-solaris-x86 | 1.8.2 | 200.00 | NOTE | |||
r-release-linux-x86_64 | 1.8.2 | 10.41 | 80.92 | 91.33 | NOTE | |
r-release-windows-ix86+x86_64 | 1.8.2 | 34.00 | 147.00 | 181.00 | NOTE | |
r-release-osx-x86_64 | 1.8.2 | FAIL | ||||
r-oldrel-windows-ix86+x86_64 | 1.8.2 | 23.00 | 125.00 | 148.00 | NOTE | |
r-oldrel-osx-x86_64 | 1.8.2 | NOTE |
Version: 1.8.2
Check: package dependencies
Result: NOTE
Package suggested but not available for checking: 'ggsubplot'
Flavors: r-devel-linux-x86_64-debian-clang, r-devel-linux-x86_64-debian-gcc, r-devel-linux-x86_64-fedora-clang, r-devel-linux-x86_64-fedora-gcc, r-devel-windows-ix86+x86_64, r-devel-windows-ix86+x86_64-gcc8, r-patched-linux-x86_64, r-patched-solaris-x86, r-release-linux-x86_64, r-release-windows-ix86+x86_64, r-release-osx-x86_64, r-oldrel-windows-ix86+x86_64, r-oldrel-osx-x86_64
Version: 1.8.2
Check: dependencies in R code
Result: FAIL
Flavor: r-release-osx-x86_64