CRAN Package Check Results for Package planor

Last updated on 2020-03-27 00:49:30 CET.

Flavor Version Tinstall Tcheck Ttotal Status Flags
r-devel-linux-x86_64-debian-clang 1.5-3 89.07 123.42 212.49 OK
r-devel-linux-x86_64-debian-gcc 1.5-3 56.76 93.65 150.41 OK
r-devel-linux-x86_64-fedora-clang 1.5-3 289.09 NOTE
r-devel-linux-x86_64-fedora-gcc 1.5-3 256.71 OK
r-devel-windows-ix86+x86_64 1.5-1 148.00 146.00 294.00 ERROR
r-devel-windows-ix86+x86_64-gcc8 1.5-1 168.00 182.00 350.00 OK
r-patched-linux-x86_64 1.5-3 67.96 113.61 181.57 OK
r-patched-solaris-x86 1.5-3 224.30 OK
r-release-linux-x86_64 1.5-3 69.09 114.58 183.67 OK
r-release-windows-ix86+x86_64 1.5-3 225.00 179.00 404.00 OK
r-release-osx-x86_64 1.5-3 NOTE
r-oldrel-windows-ix86+x86_64 1.5-1 114.00 149.00 263.00 OK
r-oldrel-osx-x86_64 1.5-3 ERROR

Check Details

Version: 1.5-3
Check: installed package size
Result: NOTE
     installed size is 5.3Mb
     sub-directories of 1Mb or more:
     doc 2.1Mb
     libs 2.7Mb
Flavors: r-devel-linux-x86_64-fedora-clang, r-release-osx-x86_64

Version: 1.5-1
Check: running examples for arch ‘i386’
Result: ERROR
    Running examples in 'planor-Ex.R' failed
    The error most likely occurred in:
    
    > ### Name: planor.factors
    > ### Title: Create an Object of Class designfactors
    > ### Aliases: planor.factors
    > ### Keywords: design
    >
    > ### ** Examples
    > planor.factors(c("A","B","C","P"),c(2,3,6,3))
    An object of class "designfactors"
    Slot "fact.info":
     nlev block ordered model basic dummy
    A 2 FALSE FALSE NA NA FALSE
    B 3 FALSE FALSE NA NA FALSE
    C 6 FALSE FALSE NA NA FALSE
    P 3 FALSE FALSE NA NA FALSE
    
    Slot "pseudo.info":
     parent nlev block ordered model basic dummy
    A 1 2 FALSE FALSE NA NA FALSE
    B 2 3 FALSE FALSE NA NA FALSE
    C_1 3 2 FALSE FALSE NA NA FALSE
    C_2 3 3 FALSE FALSE NA NA FALSE
    P 4 3 FALSE FALSE NA NA FALSE
    
    Slot "levels":
    $A
    [1] 1 2
    
    $B
    [1] 1 2 3
    
    $C
    [1] 1 2 3 4 5 6
    
    $P
    [1] 1 2 3
    
    
    > planor.factors(LETTERS[1:12],2)
    An object of class "designfactors"
    Slot "fact.info":
     nlev block ordered model basic dummy
    A 2 FALSE FALSE NA NA FALSE
    B 2 FALSE FALSE NA NA FALSE
    C 2 FALSE FALSE NA NA FALSE
    D 2 FALSE FALSE NA NA FALSE
    E 2 FALSE FALSE NA NA FALSE
    F 2 FALSE FALSE NA NA FALSE
    G 2 FALSE FALSE NA NA FALSE
    H 2 FALSE FALSE NA NA FALSE
    I 2 FALSE FALSE NA NA FALSE
    J 2 FALSE FALSE NA NA FALSE
    K 2 FALSE FALSE NA NA FALSE
    L 2 FALSE FALSE NA NA FALSE
    
    Slot "pseudo.info":
     parent nlev block ordered model basic dummy
    A 1 2 FALSE FALSE NA NA FALSE
    B 2 2 FALSE FALSE NA NA FALSE
    C 3 2 FALSE FALSE NA NA FALSE
    D 4 2 FALSE FALSE NA NA FALSE
    E 5 2 FALSE FALSE NA NA FALSE
    F 6 2 FALSE FALSE NA NA FALSE
    G 7 2 FALSE FALSE NA NA FALSE
    H 8 2 FALSE FALSE NA NA FALSE
    I 9 2 FALSE FALSE NA NA FALSE
    J 10 2 FALSE FALSE NA NA FALSE
    K 11 2 FALSE FALSE NA NA FALSE
    L 12 2 FALSE FALSE NA NA FALSE
    
    Slot "levels":
    $A
    [1] 1 2
    
    $B
    [1] 1 2
    
    $C
    [1] 1 2
    
    $D
    [1] 1 2
    
    $E
    [1] 1 2
    
    $F
    [1] 1 2
    
    $G
    [1] 1 2
    
    $H
    [1] 1 2
    
    $I
    [1] 1 2
    
    $J
    [1] 1 2
    
    $K
    [1] 1 2
    
    $L
    [1] 1 2
    
    
    > planor.factors(12,2)
    An object of class "designfactors"
    Slot "fact.info":
     nlev block ordered model basic dummy
    A 2 FALSE FALSE NA NA FALSE
    B 2 FALSE FALSE NA NA FALSE
    C 2 FALSE FALSE NA NA FALSE
    D 2 FALSE FALSE NA NA FALSE
    E 2 FALSE FALSE NA NA FALSE
    F 2 FALSE FALSE NA NA FALSE
    G 2 FALSE FALSE NA NA FALSE
    H 2 FALSE FALSE NA NA FALSE
    I 2 FALSE FALSE NA NA FALSE
    J 2 FALSE FALSE NA NA FALSE
    K 2 FALSE FALSE NA NA FALSE
    L 2 FALSE FALSE NA NA FALSE
    
    Slot "pseudo.info":
     parent nlev block ordered model basic dummy
    A 1 2 FALSE FALSE NA NA FALSE
    B 2 2 FALSE FALSE NA NA FALSE
    C 3 2 FALSE FALSE NA NA FALSE
    D 4 2 FALSE FALSE NA NA FALSE
    E 5 2 FALSE FALSE NA NA FALSE
    F 6 2 FALSE FALSE NA NA FALSE
    G 7 2 FALSE FALSE NA NA FALSE
    H 8 2 FALSE FALSE NA NA FALSE
    I 9 2 FALSE FALSE NA NA FALSE
    J 10 2 FALSE FALSE NA NA FALSE
    K 11 2 FALSE FALSE NA NA FALSE
    L 12 2 FALSE FALSE NA NA FALSE
    
    Slot "levels":
    $A
    [1] 1 2
    
    $B
    [1] 1 2
    
    $C
    [1] 1 2
    
    $D
    [1] 1 2
    
    $E
    [1] 1 2
    
    $F
    [1] 1 2
    
    $G
    [1] 1 2
    
    $H
    [1] 1 2
    
    $I
    [1] 1 2
    
    $J
    [1] 1 2
    
    $K
    [1] 1 2
    
    $L
    [1] 1 2
    
    
    > planor.factors( c("A","B","Block"), 3, block=~Block)
    An object of class "designfactors"
    Slot "fact.info":
     nlev block ordered model basic dummy
    A 3 FALSE FALSE NA NA FALSE
    B 3 FALSE FALSE NA NA FALSE
    Block 3 TRUE FALSE NA NA FALSE
    
    Slot "pseudo.info":
     parent nlev block ordered model basic dummy
    A 1 3 FALSE FALSE NA NA FALSE
    B 2 3 FALSE FALSE NA NA FALSE
    Block 3 3 TRUE FALSE NA NA FALSE
    
    Slot "levels":
    $A
    [1] 1 2 3
    
    $B
    [1] 1 2 3
    
    $Block
    [1] 1 2 3
    
    
    > zz <- planor.factors( c("A","B","Block"), c(2,3,5))
    > zz@levels$A <- c("plus","moins")
    > planor.factors(factors=list(A=c("plus","moins"), B=1:3, Block=1:5))
    An object of class "designfactors"
    Slot "fact.info":
     nlev block ordered model basic dummy
    A 2 FALSE FALSE NA NA FALSE
    B 3 FALSE FALSE NA NA FALSE
    Block 5 FALSE FALSE NA NA FALSE
    
    Slot "pseudo.info":
     parent nlev block ordered model basic dummy
    A 1 2 FALSE FALSE NA NA FALSE
    B 2 3 FALSE FALSE NA NA FALSE
    Block 3 5 FALSE FALSE NA NA FALSE
    
    Slot "levels":
    $A
    [1] "plus" "moins"
    
    $B
    [1] 1 2 3
    
    $Block
    [1] 1 2 3 4 5
    
    
    > AB <- data.frame( A=c(rep(c("a","b"),3)), B=rep(c("z","zz","zzz"),rep(2,3)), C=1:6)
    > planor.factors(factors=AB)
    Error in data.frame(nlev = FACT.nlev, block = block, ordered = ordered, :
     arguments imply differing number of rows: 0, 1
    Calls: planor.factors -> data.frame
    Execution halted
Flavor: r-devel-windows-ix86+x86_64

Version: 1.5-1
Check: running examples for arch ‘x64’
Result: ERROR
    Running examples in 'planor-Ex.R' failed
    The error most likely occurred in:
    
    > ### Name: planor.factors
    > ### Title: Create an Object of Class designfactors
    > ### Aliases: planor.factors
    > ### Keywords: design
    >
    > ### ** Examples
    > planor.factors(c("A","B","C","P"),c(2,3,6,3))
    An object of class "designfactors"
    Slot "fact.info":
     nlev block ordered model basic dummy
    A 2 FALSE FALSE NA NA FALSE
    B 3 FALSE FALSE NA NA FALSE
    C 6 FALSE FALSE NA NA FALSE
    P 3 FALSE FALSE NA NA FALSE
    
    Slot "pseudo.info":
     parent nlev block ordered model basic dummy
    A 1 2 FALSE FALSE NA NA FALSE
    B 2 3 FALSE FALSE NA NA FALSE
    C_1 3 2 FALSE FALSE NA NA FALSE
    C_2 3 3 FALSE FALSE NA NA FALSE
    P 4 3 FALSE FALSE NA NA FALSE
    
    Slot "levels":
    $A
    [1] 1 2
    
    $B
    [1] 1 2 3
    
    $C
    [1] 1 2 3 4 5 6
    
    $P
    [1] 1 2 3
    
    
    > planor.factors(LETTERS[1:12],2)
    An object of class "designfactors"
    Slot "fact.info":
     nlev block ordered model basic dummy
    A 2 FALSE FALSE NA NA FALSE
    B 2 FALSE FALSE NA NA FALSE
    C 2 FALSE FALSE NA NA FALSE
    D 2 FALSE FALSE NA NA FALSE
    E 2 FALSE FALSE NA NA FALSE
    F 2 FALSE FALSE NA NA FALSE
    G 2 FALSE FALSE NA NA FALSE
    H 2 FALSE FALSE NA NA FALSE
    I 2 FALSE FALSE NA NA FALSE
    J 2 FALSE FALSE NA NA FALSE
    K 2 FALSE FALSE NA NA FALSE
    L 2 FALSE FALSE NA NA FALSE
    
    Slot "pseudo.info":
     parent nlev block ordered model basic dummy
    A 1 2 FALSE FALSE NA NA FALSE
    B 2 2 FALSE FALSE NA NA FALSE
    C 3 2 FALSE FALSE NA NA FALSE
    D 4 2 FALSE FALSE NA NA FALSE
    E 5 2 FALSE FALSE NA NA FALSE
    F 6 2 FALSE FALSE NA NA FALSE
    G 7 2 FALSE FALSE NA NA FALSE
    H 8 2 FALSE FALSE NA NA FALSE
    I 9 2 FALSE FALSE NA NA FALSE
    J 10 2 FALSE FALSE NA NA FALSE
    K 11 2 FALSE FALSE NA NA FALSE
    L 12 2 FALSE FALSE NA NA FALSE
    
    Slot "levels":
    $A
    [1] 1 2
    
    $B
    [1] 1 2
    
    $C
    [1] 1 2
    
    $D
    [1] 1 2
    
    $E
    [1] 1 2
    
    $F
    [1] 1 2
    
    $G
    [1] 1 2
    
    $H
    [1] 1 2
    
    $I
    [1] 1 2
    
    $J
    [1] 1 2
    
    $K
    [1] 1 2
    
    $L
    [1] 1 2
    
    
    > planor.factors(12,2)
    An object of class "designfactors"
    Slot "fact.info":
     nlev block ordered model basic dummy
    A 2 FALSE FALSE NA NA FALSE
    B 2 FALSE FALSE NA NA FALSE
    C 2 FALSE FALSE NA NA FALSE
    D 2 FALSE FALSE NA NA FALSE
    E 2 FALSE FALSE NA NA FALSE
    F 2 FALSE FALSE NA NA FALSE
    G 2 FALSE FALSE NA NA FALSE
    H 2 FALSE FALSE NA NA FALSE
    I 2 FALSE FALSE NA NA FALSE
    J 2 FALSE FALSE NA NA FALSE
    K 2 FALSE FALSE NA NA FALSE
    L 2 FALSE FALSE NA NA FALSE
    
    Slot "pseudo.info":
     parent nlev block ordered model basic dummy
    A 1 2 FALSE FALSE NA NA FALSE
    B 2 2 FALSE FALSE NA NA FALSE
    C 3 2 FALSE FALSE NA NA FALSE
    D 4 2 FALSE FALSE NA NA FALSE
    E 5 2 FALSE FALSE NA NA FALSE
    F 6 2 FALSE FALSE NA NA FALSE
    G 7 2 FALSE FALSE NA NA FALSE
    H 8 2 FALSE FALSE NA NA FALSE
    I 9 2 FALSE FALSE NA NA FALSE
    J 10 2 FALSE FALSE NA NA FALSE
    K 11 2 FALSE FALSE NA NA FALSE
    L 12 2 FALSE FALSE NA NA FALSE
    
    Slot "levels":
    $A
    [1] 1 2
    
    $B
    [1] 1 2
    
    $C
    [1] 1 2
    
    $D
    [1] 1 2
    
    $E
    [1] 1 2
    
    $F
    [1] 1 2
    
    $G
    [1] 1 2
    
    $H
    [1] 1 2
    
    $I
    [1] 1 2
    
    $J
    [1] 1 2
    
    $K
    [1] 1 2
    
    $L
    [1] 1 2
    
    
    > planor.factors( c("A","B","Block"), 3, block=~Block)
    An object of class "designfactors"
    Slot "fact.info":
     nlev block ordered model basic dummy
    A 3 FALSE FALSE NA NA FALSE
    B 3 FALSE FALSE NA NA FALSE
    Block 3 TRUE FALSE NA NA FALSE
    
    Slot "pseudo.info":
     parent nlev block ordered model basic dummy
    A 1 3 FALSE FALSE NA NA FALSE
    B 2 3 FALSE FALSE NA NA FALSE
    Block 3 3 TRUE FALSE NA NA FALSE
    
    Slot "levels":
    $A
    [1] 1 2 3
    
    $B
    [1] 1 2 3
    
    $Block
    [1] 1 2 3
    
    
    > zz <- planor.factors( c("A","B","Block"), c(2,3,5))
    > zz@levels$A <- c("plus","moins")
    > planor.factors(factors=list(A=c("plus","moins"), B=1:3, Block=1:5))
    An object of class "designfactors"
    Slot "fact.info":
     nlev block ordered model basic dummy
    A 2 FALSE FALSE NA NA FALSE
    B 3 FALSE FALSE NA NA FALSE
    Block 5 FALSE FALSE NA NA FALSE
    
    Slot "pseudo.info":
     parent nlev block ordered model basic dummy
    A 1 2 FALSE FALSE NA NA FALSE
    B 2 3 FALSE FALSE NA NA FALSE
    Block 3 5 FALSE FALSE NA NA FALSE
    
    Slot "levels":
    $A
    [1] "plus" "moins"
    
    $B
    [1] 1 2 3
    
    $Block
    [1] 1 2 3 4 5
    
    
    > AB <- data.frame( A=c(rep(c("a","b"),3)), B=rep(c("z","zz","zzz"),rep(2,3)), C=1:6)
    > planor.factors(factors=AB)
    Error in data.frame(nlev = FACT.nlev, block = block, ordered = ordered, :
     arguments imply differing number of rows: 0, 1
    Calls: planor.factors -> data.frame
    Execution halted
Flavor: r-devel-windows-ix86+x86_64

Version: 1.5-3
Check: whether package can be installed
Result: ERROR
    Installation failed.
Flavor: r-oldrel-osx-x86_64