CRAN Package Check Results for Package plot3Drgl

Last updated on 2020-03-27 00:49:32 CET.

Flavor Version Tinstall Tcheck Ttotal Status Flags
r-devel-linux-x86_64-debian-clang 1.0.1 6.04 60.28 66.32 OK
r-devel-linux-x86_64-debian-gcc 1.0.1 4.67 47.32 51.99 OK
r-devel-linux-x86_64-fedora-clang 1.0.1 89.05 OK
r-devel-linux-x86_64-fedora-gcc 1.0.1 81.22 OK
r-devel-windows-ix86+x86_64 1.0.1 11.00 83.00 94.00 OK
r-devel-windows-ix86+x86_64-gcc8 1.0.1 12.00 88.00 100.00 OK
r-patched-linux-x86_64 1.0.1 4.63 56.00 60.63 OK
r-patched-solaris-x86 1.0.1 116.80 OK
r-release-linux-x86_64 1.0.1 4.56 55.95 60.51 OK
r-release-windows-ix86+x86_64 1.0.1 21.00 118.00 139.00 OK
r-release-osx-x86_64 1.0.1 WARN
r-oldrel-windows-ix86+x86_64 1.0.1 11.00 122.00 133.00 OK
r-oldrel-osx-x86_64 1.0.1 OK

Check Details

Version: 1.0.1
Check: whether package can be installed
Result: WARN
    Found the following significant warnings:
     Warning: 'rgl_init' failed, running with rgl.useNULL = TRUE
Flavor: r-release-osx-x86_64