Last updated on 2020-03-27 00:49:32 CET.
Flavor | Version | Tinstall | Tcheck | Ttotal | Status | Flags |
---|---|---|---|---|---|---|
r-devel-linux-x86_64-debian-clang | 0.2.1 | 2.01 | 38.46 | 40.47 | OK | |
r-devel-linux-x86_64-debian-gcc | 0.2.1 | 1.53 | 28.43 | 29.96 | OK | |
r-devel-linux-x86_64-fedora-clang | 0.2.1 | 50.83 | NOTE | |||
r-devel-linux-x86_64-fedora-gcc | 0.2.1 | 44.72 | NOTE | |||
r-devel-windows-ix86+x86_64 | 0.2.1 | 10.00 | 45.00 | 55.00 | OK | |
r-devel-windows-ix86+x86_64-gcc8 | 0.2.1 | 6.00 | 55.00 | 61.00 | OK | |
r-patched-linux-x86_64 | 0.2.1 | 1.68 | 33.36 | 35.04 | OK | |
r-patched-solaris-x86 | 0.2.1 | 75.50 | NOTE | |||
r-release-linux-x86_64 | 0.2.1 | 1.69 | 33.65 | 35.34 | OK | |
r-release-windows-ix86+x86_64 | 0.2.1 | 8.00 | 66.00 | 74.00 | OK | |
r-release-osx-x86_64 | 0.2.1 | NOTE | ||||
r-oldrel-windows-ix86+x86_64 | 0.2.1 | 5.00 | 68.00 | 73.00 | OK | |
r-oldrel-osx-x86_64 | 0.2.1 | NOTE |
Version: 0.2.1
Check: dependencies in R code
Result: NOTE
Namespace in Imports field not imported from: ‘graphics’
All declared Imports should be used.
Flavors: r-devel-linux-x86_64-fedora-clang, r-devel-linux-x86_64-fedora-gcc, r-patched-solaris-x86, r-release-osx-x86_64, r-oldrel-osx-x86_64