Last updated on 2020-03-27 00:49:32 CET.
Flavor | Version | Tinstall | Tcheck | Ttotal | Status | Flags |
---|---|---|---|---|---|---|
r-devel-linux-x86_64-debian-clang | 1.1.1 | 7.43 | 165.86 | 173.29 | OK | |
r-devel-linux-x86_64-debian-gcc | 1.1.1 | 5.84 | 124.22 | 130.06 | OK | |
r-devel-linux-x86_64-fedora-clang | 1.1.1 | 214.17 | NOTE | |||
r-devel-linux-x86_64-fedora-gcc | 1.1.1 | 192.22 | NOTE | |||
r-devel-windows-ix86+x86_64 | 1.1.1 | 17.00 | 164.00 | 181.00 | OK | |
r-devel-windows-ix86+x86_64-gcc8 | 1.1.1 | 18.00 | 167.00 | 185.00 | OK | |
r-patched-linux-x86_64 | 1.1.1 | 5.39 | 148.98 | 154.37 | OK | |
r-patched-solaris-x86 | 1.1.1 | 288.30 | NOTE | |||
r-release-linux-x86_64 | 1.1.1 | 5.30 | 148.47 | 153.77 | OK | |
r-release-windows-ix86+x86_64 | 1.1.1 | 15.00 | 214.00 | 229.00 | OK | |
r-release-osx-x86_64 | 1.1.1 | NOTE | ||||
r-oldrel-windows-ix86+x86_64 | 1.1.1 | 15.00 | 231.00 | 246.00 | OK | |
r-oldrel-osx-x86_64 | 1.1.1 | NOTE |
Version: 1.1.1
Check: dependencies in R code
Result: NOTE
Namespaces in Imports field not imported from:
‘hexbin’ ‘quantreg’
All declared Imports should be used.
Flavors: r-devel-linux-x86_64-fedora-clang, r-devel-linux-x86_64-fedora-gcc, r-patched-solaris-x86, r-release-osx-x86_64, r-oldrel-osx-x86_64