Last updated on 2020-03-27 00:49:32 CET.
Flavor | Version | Tinstall | Tcheck | Ttotal | Status | Flags |
---|---|---|---|---|---|---|
r-devel-linux-x86_64-debian-clang | 0.1.6 | 2.55 | 42.97 | 45.52 | OK | |
r-devel-linux-x86_64-debian-gcc | 0.1.6 | 1.84 | 32.45 | 34.29 | OK | |
r-devel-linux-x86_64-fedora-clang | 0.1.6 | 58.07 | NOTE | |||
r-devel-linux-x86_64-fedora-gcc | 0.1.6 | 50.42 | NOTE | |||
r-devel-windows-ix86+x86_64 | 0.1.6 | 8.00 | 48.00 | 56.00 | OK | |
r-devel-windows-ix86+x86_64-gcc8 | 0.1.6 | 6.00 | 60.00 | 66.00 | OK | |
r-patched-linux-x86_64 | 0.1.6 | 1.78 | 45.01 | 46.79 | OK | |
r-patched-solaris-x86 | 0.1.6 | 75.30 | NOTE | |||
r-release-linux-x86_64 | 0.1.6 | 1.87 | 44.67 | 46.54 | OK | |
r-release-windows-ix86+x86_64 | 0.1.6 | 9.00 | 76.00 | 85.00 | OK | |
r-release-osx-x86_64 | 0.1.6 | NOTE | ||||
r-oldrel-windows-ix86+x86_64 | 0.1.6 | 7.00 | 83.00 | 90.00 | OK | |
r-oldrel-osx-x86_64 | 0.1.6 | NOTE |
Version: 0.1.6
Check: dependencies in R code
Result: NOTE
Namespace in Imports field not imported from: ‘graphics’
All declared Imports should be used.
Flavors: r-devel-linux-x86_64-fedora-clang, r-devel-linux-x86_64-fedora-gcc, r-patched-solaris-x86, r-release-osx-x86_64, r-oldrel-osx-x86_64