CRAN Package Check Results for Package pls

Last updated on 2020-03-27 00:49:32 CET.

Flavor Version Tinstall Tcheck Ttotal Status Flags
r-devel-linux-x86_64-debian-clang 2.7-2 7.61 61.51 69.12 OK
r-devel-linux-x86_64-debian-gcc 2.7-2 5.61 47.16 52.77 OK
r-devel-linux-x86_64-fedora-clang 2.7-2 89.34 OK
r-devel-linux-x86_64-fedora-gcc 2.7-2 78.64 OK
r-devel-windows-ix86+x86_64 2.7-2 11.00 70.00 81.00 OK
r-devel-windows-ix86+x86_64-gcc8 2.7-2 10.00 78.00 88.00 OK
r-patched-linux-x86_64 2.7-2 6.21 55.95 62.16 OK
r-patched-solaris-x86 2.7-2 134.00 OK
r-release-linux-x86_64 2.7-2 5.66 56.33 61.99 OK
r-release-windows-ix86+x86_64 2.7-2 29.00 96.00 125.00 OK
r-release-osx-x86_64 2.7-2 NOTE
r-oldrel-windows-ix86+x86_64 2.7-2 11.00 104.00 115.00 OK
r-oldrel-osx-x86_64 2.7-2 NOTE

Check Details

Version: 2.7-2
Check: package dependencies
Result: NOTE
    Package suggested but not available for checking: ‘Rmpi’
Flavors: r-release-osx-x86_64, r-oldrel-osx-x86_64