Last updated on 2020-03-27 00:49:32 CET.
Flavor | Version | Tinstall | Tcheck | Ttotal | Status | Flags |
---|---|---|---|---|---|---|
r-devel-linux-x86_64-debian-clang | 0.1-7 | 2.62 | 17.26 | 19.88 | OK | |
r-devel-linux-x86_64-debian-gcc | 0.1-7 | 2.04 | 13.76 | 15.80 | OK | |
r-devel-linux-x86_64-fedora-clang | 0.1-7 | 27.11 | NOTE | |||
r-devel-linux-x86_64-fedora-gcc | 0.1-7 | 24.27 | NOTE | |||
r-devel-windows-ix86+x86_64 | 0.1-7 | 14.00 | 48.00 | 62.00 | OK | |
r-devel-windows-ix86+x86_64-gcc8 | 0.1-7 | 13.00 | 36.00 | 49.00 | OK | |
r-patched-linux-x86_64 | 0.1-7 | 2.10 | 15.77 | 17.87 | OK | |
r-patched-solaris-x86 | 0.1-7 | 40.80 | OK | |||
r-release-linux-x86_64 | 0.1-7 | 2.16 | 16.01 | 18.17 | OK | |
r-release-windows-ix86+x86_64 | 0.1-7 | 12.00 | 53.00 | 65.00 | OK | |
r-release-osx-x86_64 | 0.1-7 | OK | ||||
r-oldrel-windows-ix86+x86_64 | 0.1-7 | 9.00 | 31.00 | 40.00 | OK | |
r-oldrel-osx-x86_64 | 0.1-7 | OK |
Version: 0.1-7
Check: compiled code
Result: NOTE
File ‘png/libs/png.so’:
Found no calls to: ‘R_registerRoutines’, ‘R_useDynamicSymbols’
It is good practice to register native routines and to disable symbol
search.
See ‘Writing portable packages’ in the ‘Writing R Extensions’ manual.
Flavors: r-devel-linux-x86_64-fedora-clang, r-devel-linux-x86_64-fedora-gcc