Last updated on 2020-03-27 00:49:32 CET.
Flavor | Version | Tinstall | Tcheck | Ttotal | Status | Flags |
---|---|---|---|---|---|---|
r-devel-linux-x86_64-debian-clang | 3.1.0 | 34.41 | 289.61 | 324.02 | NOTE | |
r-devel-linux-x86_64-debian-gcc | 3.1.0 | 28.32 | 221.29 | 249.61 | NOTE | |
r-devel-linux-x86_64-fedora-clang | 3.1.0 | 381.52 | NOTE | |||
r-devel-linux-x86_64-fedora-gcc | 3.1.0 | 379.47 | NOTE | |||
r-devel-windows-ix86+x86_64 | 3.1.0 | 59.00 | 211.00 | 270.00 | OK | |
r-devel-windows-ix86+x86_64-gcc8 | 3.1.0 | 67.00 | 241.00 | 308.00 | OK | |
r-patched-linux-x86_64 | 3.1.0 | 26.82 | 263.52 | 290.34 | OK | |
r-patched-solaris-x86 | 3.1.0 | 474.30 | NOTE | |||
r-release-linux-x86_64 | 3.1.0 | 28.05 | 263.79 | 291.84 | OK | |
r-release-windows-ix86+x86_64 | 3.1.0 | 78.00 | 312.00 | 390.00 | OK | |
r-release-osx-x86_64 | 3.1.0 | OK | ||||
r-oldrel-windows-ix86+x86_64 | 3.1.0 | 48.00 | 310.00 | 358.00 | OK | |
r-oldrel-osx-x86_64 | 3.1.0 | WARN |
Version: 3.1.0
Check: for non-standard things in the check directory
Result: NOTE
Found the following files/directories:
'AbsorbedDrugMetabolites' 'CorrelationResults'
'EndogenousMetabolites' 'HeatMap' 'PKresults'
'SecondAbsorbedMetabolites' 'preprocessed-data'
Flavors: r-devel-linux-x86_64-debian-clang, r-devel-linux-x86_64-debian-gcc, r-devel-linux-x86_64-fedora-clang, r-devel-linux-x86_64-fedora-gcc, r-patched-solaris-x86
Version: 3.1.0
Check: whether package can be installed
Result: WARN
Found the following significant warnings:
Warning: 'rgl_init' failed, running with rgl.useNULL = TRUE
Flavor: r-oldrel-osx-x86_64