Last updated on 2020-03-27 00:49:32 CET.
Flavor | Version | Tinstall | Tcheck | Ttotal | Status | Flags |
---|---|---|---|---|---|---|
r-devel-linux-x86_64-debian-clang | 2.8.5 | 43.70 | 329.15 | 372.85 | OK | |
r-devel-linux-x86_64-debian-gcc | 2.8.5 | 31.50 | 245.04 | 276.54 | OK | |
r-devel-linux-x86_64-fedora-clang | 2.8.5 | 472.88 | OK | |||
r-devel-linux-x86_64-fedora-gcc | 2.8.5 | 426.49 | OK | |||
r-devel-windows-ix86+x86_64 | 2.8.5 | 90.00 | 399.00 | 489.00 | OK | |
r-devel-windows-ix86+x86_64-gcc8 | 2.8.5 | 80.00 | 469.00 | 549.00 | OK | |
r-patched-linux-x86_64 | 2.8.5 | 34.49 | 284.35 | 318.84 | OK | |
r-patched-solaris-x86 | 2.8.5 | 628.70 | OK | |||
r-release-linux-x86_64 | 2.8.5 | 33.51 | 287.43 | 320.94 | OK | |
r-release-windows-ix86+x86_64 | 2.8.5 | 76.00 | 7.00 | 83.00 | ERROR | |
r-release-osx-x86_64 | 2.8.5 | OK | ||||
r-oldrel-windows-ix86+x86_64 | 2.8.5 | 93.00 | 510.00 | 603.00 | OK | |
r-oldrel-osx-x86_64 | 2.8.5 | OK |
Version: 2.8.5
Check: whether package can be installed
Result: ERROR
Installation failed.
Flavor: r-release-windows-ix86+x86_64