CRAN Package Check Results for Package povcalnetR

Last updated on 2020-03-27 00:49:32 CET.

Flavor Version Tinstall Tcheck Ttotal Status Flags
r-devel-linux-x86_64-debian-clang 0.1.0 2.53 42.59 45.12 OK
r-devel-linux-x86_64-debian-gcc 0.1.0 2.26 32.62 34.88 OK
r-devel-linux-x86_64-fedora-clang 0.1.0 59.12 NOTE
r-devel-linux-x86_64-fedora-gcc 0.1.0 51.55 NOTE
r-devel-windows-ix86+x86_64 0.1.0 11.00 79.00 90.00 OK
r-devel-windows-ix86+x86_64-gcc8 0.1.0 9.00 77.00 86.00 OK
r-patched-linux-x86_64 0.1.0 1.96 38.62 40.58 OK
r-patched-solaris-x86 0.1.0 85.20 NOTE
r-release-linux-x86_64 0.1.0 1.95 38.47 40.42 OK
r-release-windows-ix86+x86_64 0.1.0 10.00 101.00 111.00 OK
r-release-osx-x86_64 0.1.0 NOTE
r-oldrel-windows-ix86+x86_64 0.1.0 9.00 95.00 104.00 OK
r-oldrel-osx-x86_64 0.1.0 NOTE

Check Details

Version: 0.1.0
Check: dependencies in R code
Result: NOTE
    Namespaces in Imports field not imported from:
     ‘ggplot2’ ‘ggthemes’ ‘memoise’
     All declared Imports should be used.
Flavors: r-devel-linux-x86_64-fedora-clang, r-devel-linux-x86_64-fedora-gcc, r-patched-solaris-x86, r-release-osx-x86_64, r-oldrel-osx-x86_64