CRAN Package Check Results for Package precrec

Last updated on 2020-03-27 00:49:32 CET.

Flavor Version Tinstall Tcheck Ttotal Status Flags
r-devel-linux-x86_64-debian-clang 0.11 51.00 382.71 433.71 OK
r-devel-linux-x86_64-debian-gcc 0.11 37.39 269.18 306.57 OK
r-devel-linux-x86_64-fedora-clang 0.11 519.48 NOTE
r-devel-linux-x86_64-fedora-gcc 0.11 474.79 OK
r-devel-windows-ix86+x86_64 0.11 80.00 501.00 581.00 OK
r-devel-windows-ix86+x86_64-gcc8 0.11 84.00 695.00 779.00 OK
r-patched-linux-x86_64 0.11 39.32 366.87 406.19 OK
r-patched-solaris-x86 0.11 577.00 OK
r-release-linux-x86_64 0.11 42.67 368.39 411.06 OK
r-release-windows-ix86+x86_64 0.11 120.00 806.00 926.00 OK
r-release-osx-x86_64 0.11 OK
r-oldrel-windows-ix86+x86_64 0.11 99.00 847.00 946.00 OK
r-oldrel-osx-x86_64 0.11 OK

Check Details

Version: 0.11
Check: installed package size
Result: NOTE
     installed size is 5.4Mb
     sub-directories of 1Mb or more:
     doc 1.2Mb
     libs 3.3Mb
Flavor: r-devel-linux-x86_64-fedora-clang