CRAN Package Check Results for Package predictoR

Last updated on 2020-03-27 00:49:32 CET.

Flavor Version Tinstall Tcheck Ttotal Status Flags
r-devel-linux-x86_64-debian-clang 1.1.0 2.44 17.98 20.42 OK
r-devel-linux-x86_64-debian-gcc 1.1.0 1.87 14.09 15.96 OK
r-devel-linux-x86_64-fedora-clang 1.1.0 25.24 NOTE
r-devel-linux-x86_64-fedora-gcc 1.1.0 23.78 NOTE
r-devel-windows-ix86+x86_64 1.1.0 13.00 30.00 43.00 OK
r-devel-windows-ix86+x86_64-gcc8 1.1.0 12.00 34.00 46.00 OK
r-patched-linux-x86_64 1.1.0 1.92 16.25 18.17 OK
r-patched-solaris-x86 1.1.0 41.60 NOTE
r-release-linux-x86_64 1.1.0 1.87 16.36 18.23 OK
r-release-windows-ix86+x86_64 1.1.0 14.00 40.00 54.00 OK
r-release-osx-x86_64 1.1.0 NOTE
r-oldrel-windows-ix86+x86_64 1.1.0 8.00 43.00 51.00 OK
r-oldrel-osx-x86_64 1.1.0 NOTE

Check Details

Version: 1.1.0
Check: package dependencies
Result: NOTE
    Imports includes 21 non-default packages.
    Importing from so many packages makes the package vulnerable to any of
    them becoming unavailable. Move as many as possible to Suggests and
    use conditionally.
Flavor: r-devel-linux-x86_64-fedora-clang

Version: 1.1.0
Check: dependencies in R code
Result: NOTE
    Namespaces in Imports field not imported from:
     ‘DT’ ‘ROCR’ ‘ada’ ‘colourpicker’ ‘corrplot’ ‘e1071’ ‘flexdashboard’
     ‘glmnet’ ‘kknn’ ‘neuralnet’ ‘randomForest’ ‘rattle’ ‘rpart’
     ‘shinyAce’ ‘shinyWidgets’ ‘shinydashboardPlus’ ‘shinyjs’ ‘tidyverse’
     ‘xgboost’ ‘zip’
     All declared Imports should be used.
Flavors: r-devel-linux-x86_64-fedora-clang, r-devel-linux-x86_64-fedora-gcc, r-patched-solaris-x86, r-release-osx-x86_64, r-oldrel-osx-x86_64