Last updated on 2020-03-27 00:49:32 CET.
Flavor | Version | Tinstall | Tcheck | Ttotal | Status | Flags |
---|---|---|---|---|---|---|
r-devel-linux-x86_64-debian-clang | 0.1.0 | 7.04 | 60.16 | 67.20 | OK | |
r-devel-linux-x86_64-debian-gcc | 0.1.0 | 5.87 | 44.75 | 50.62 | OK | |
r-devel-linux-x86_64-fedora-clang | 0.1.0 | 88.07 | NOTE | |||
r-devel-linux-x86_64-fedora-gcc | 0.1.0 | 77.32 | NOTE | |||
r-devel-windows-ix86+x86_64 | 0.1.0 | 23.00 | 58.00 | 81.00 | OK | |
r-devel-windows-ix86+x86_64-gcc8 | 0.1.0 | 18.00 | 74.00 | 92.00 | OK | |
r-patched-linux-x86_64 | 0.1.0 | 5.56 | 50.61 | 56.17 | OK | |
r-patched-solaris-x86 | 0.1.0 | 148.20 | NOTE | |||
r-release-linux-x86_64 | 0.1.0 | 5.57 | 51.07 | 56.64 | OK | |
r-release-windows-ix86+x86_64 | 0.1.0 | 31.00 | 106.00 | 137.00 | OK | |
r-release-osx-x86_64 | 0.1.0 | NOTE | ||||
r-oldrel-windows-ix86+x86_64 | 0.1.0 | 18.00 | 97.00 | 115.00 | OK | |
r-oldrel-osx-x86_64 | 0.1.0 | NOTE |
Version: 0.1.0
Check: data for non-ASCII characters
Result: NOTE
Note: found 2 marked UTF-8 strings
Flavors: r-devel-linux-x86_64-fedora-clang, r-devel-linux-x86_64-fedora-gcc, r-patched-solaris-x86, r-release-osx-x86_64, r-oldrel-osx-x86_64